{"id":155,"date":"2022-09-30T10:40:34","date_gmt":"2022-09-30T10:40:34","guid":{"rendered":"https:\/\/musikzug-kleinfoerste.de\/?page_id=155"},"modified":"2026-01-28T18:41:44","modified_gmt":"2026-01-28T18:41:44","slug":"elementor-155","status":"publish","type":"page","link":"https:\/\/musikzug-kleinfoerste.de\/?page_id=155","title":{"rendered":"Die Musikzwerge"},"content":{"rendered":"\t\t<div data-elementor-type=\"wp-page\" data-elementor-id=\"155\" class=\"elementor elementor-155\">\n\t\t\t\t\t\t\t\t\t<section class=\"elementor-section elementor-top-section elementor-element elementor-element-41a0d21a elementor-section-boxed elementor-section-height-default elementor-section-height-default\" data-id=\"41a0d21a\" data-element_type=\"section\">\n\t\t\t\t\t\t<div class=\"elementor-container elementor-column-gap-default\">\n\t\t\t\t\t<div class=\"elementor-column elementor-col-100 elementor-top-column elementor-element elementor-element-80a42b6\" data-id=\"80a42b6\" data-element_type=\"column\">\n\t\t\t<div class=\"elementor-widget-wrap elementor-element-populated\">\n\t\t\t\t\t\t\t\t<div class=\"elementor-element elementor-element-a3e1c32 elementor-widget elementor-widget-image\" data-id=\"a3e1c32\" data-element_type=\"widget\" data-widget_type=\"image.default\">\n\t\t\t\t<div class=\"elementor-widget-container\">\n\t\t\t<style>\/*! elementor - v3.11.0 - 13-02-2023 *\/\n.elementor-widget-image{text-align:center}.elementor-widget-image a{display:inline-block}.elementor-widget-image a img[src$=\".svg\"]{width:48px}.elementor-widget-image img{vertical-align:middle;display:inline-block}<\/style>\t\t\t\t\t\t\t\t\t\t\t\t<img decoding=\"async\" width=\"300\" height=\"200\" src=\"https:\/\/musikzug-kleinfoerste.de\/wp-content\/uploads\/2022\/09\/KleinkindMusik-300x200.jpg\" class=\"attachment-medium size-medium wp-image-171\" alt=\"\" loading=\"lazy\" srcset=\"https:\/\/musikzug-kleinfoerste.de\/wp-content\/uploads\/2022\/09\/KleinkindMusik-300x200.jpg 300w, https:\/\/musikzug-kleinfoerste.de\/wp-content\/uploads\/2022\/09\/KleinkindMusik.jpg 640w\" sizes=\"(max-width: 300px) 100vw, 300px\" \/>\t\t\t\t\t\t\t\t\t\t\t\t\t\t\t<\/div>\n\t\t\t\t<\/div>\n\t\t\t\t\t<\/div>\n\t\t<\/div>\n\t\t\t\t\t\t\t<\/div>\n\t\t<\/section>\n\t\t\t\t<section class=\"elementor-section elementor-top-section elementor-element elementor-element-b36471e elementor-section-boxed elementor-section-height-default elementor-section-height-default\" data-id=\"b36471e\" data-element_type=\"section\">\n\t\t\t\t\t\t<div class=\"elementor-container elementor-column-gap-default\">\n\t\t\t\t\t<div class=\"elementor-column elementor-col-100 elementor-top-column elementor-element elementor-element-9267950\" data-id=\"9267950\" data-element_type=\"column\">\n\t\t\t<div class=\"elementor-widget-wrap elementor-element-populated\">\n\t\t\t\t\t\t\t\t<div class=\"elementor-element elementor-element-038df1b elementor-widget elementor-widget-heading\" data-id=\"038df1b\" data-element_type=\"widget\" data-widget_type=\"heading.default\">\n\t\t\t\t<div class=\"elementor-widget-container\">\n\t\t\t<style>\/*! elementor - v3.11.0 - 13-02-2023 *\/\n.elementor-heading-title{padding:0;margin:0;line-height:1}.elementor-widget-heading .elementor-heading-title[class*=elementor-size-]>a{color:inherit;font-size:inherit;line-height:inherit}.elementor-widget-heading .elementor-heading-title.elementor-size-small{font-size:15px}.elementor-widget-heading .elementor-heading-title.elementor-size-medium{font-size:19px}.elementor-widget-heading .elementor-heading-title.elementor-size-large{font-size:29px}.elementor-widget-heading .elementor-heading-title.elementor-size-xl{font-size:39px}.elementor-widget-heading .elementor-heading-title.elementor-size-xxl{font-size:59px}<\/style><h2 class=\"elementor-heading-title elementor-size-default\">Musikalischer Eltern \u2013 Kind - Kurs ( 18 Monate bis 3 Jahre )<\/h2>\t\t<\/div>\n\t\t\t\t<\/div>\n\t\t\t\t\t<\/div>\n\t\t<\/div>\n\t\t\t\t\t\t\t<\/div>\n\t\t<\/section>\n\t\t\t\t<section class=\"elementor-section elementor-top-section elementor-element elementor-element-17536da elementor-section-boxed elementor-section-height-default elementor-section-height-default\" data-id=\"17536da\" data-element_type=\"section\">\n\t\t\t\t\t\t<div class=\"elementor-container elementor-column-gap-default\">\n\t\t\t\t\t<div class=\"elementor-column elementor-col-100 elementor-top-column elementor-element elementor-element-1378680\" data-id=\"1378680\" data-element_type=\"column\">\n\t\t\t<div class=\"elementor-widget-wrap elementor-element-populated\">\n\t\t\t\t\t\t\t\t<div class=\"elementor-element elementor-element-3672324 elementor-widget elementor-widget-text-editor\" data-id=\"3672324\" data-element_type=\"widget\" data-widget_type=\"text-editor.default\">\n\t\t\t\t<div class=\"elementor-widget-container\">\n\t\t\t<style>\/*! elementor - v3.11.0 - 13-02-2023 *\/\n.elementor-widget-text-editor.elementor-drop-cap-view-stacked .elementor-drop-cap{background-color:#818a91;color:#fff}.elementor-widget-text-editor.elementor-drop-cap-view-framed .elementor-drop-cap{color:#818a91;border:3px solid;background-color:transparent}.elementor-widget-text-editor:not(.elementor-drop-cap-view-default) .elementor-drop-cap{margin-top:8px}.elementor-widget-text-editor:not(.elementor-drop-cap-view-default) .elementor-drop-cap-letter{width:1em;height:1em}.elementor-widget-text-editor .elementor-drop-cap{float:left;text-align:center;line-height:1;font-size:50px}.elementor-widget-text-editor .elementor-drop-cap-letter{display:inline-block}<\/style>\t\t\t\t<p>Alle Kinder sind musikalisch. Sie haben eine angeborene F\u00e4higkeit zum Singen und zur rhythmischen Bewegung. Je fr\u00fcher das Kind an die Musik herangef\u00fchrt wird, desto nachhaltiger wird es gelingen, die nat\u00fcrliche musikalische Veranlagung zu wecken und zu entfalten. Dieser Kurs l\u00e4dt die Eltern mit ihrem Kind ein, gemeinsam zu musizieren: es wird geklatscht und getrommelt, gestampft und gesungen, getanzt und gelauscht\u2026. und auch viel Quatsch gemacht. Hierbei k\u00f6nnen die Kleinsten ein Gef\u00fchl f\u00fcr die Wirkung und Sch\u00f6nheit von Musik entwickeln und erfahren, wie viel Freude Musik machen kann.<\/p>\t\t\t\t\t\t<\/div>\n\t\t\t\t<\/div>\n\t\t\t\t<div class=\"elementor-element elementor-element-fc62d5d elementor-widget elementor-widget-heading\" data-id=\"fc62d5d\" data-element_type=\"widget\" data-widget_type=\"heading.default\">\n\t\t\t\t<div class=\"elementor-widget-container\">\n\t\t\t<h5 class=\"elementor-heading-title elementor-size-small\">Der Kurs umfasst 10 Einheiten \u00e0 30 Minuten. \n\nEin neuer Kurs startet voraussichtlich am 17. Februar 2026, hierf\u00fcr darf sich gerne schon angemeldet werden.<\/h5>\t\t<\/div>\n\t\t\t\t<\/div>\n\t\t\t\t<section class=\"elementor-section elementor-inner-section elementor-element elementor-element-4783b16 elementor-section-boxed elementor-section-height-default elementor-section-height-default\" data-id=\"4783b16\" data-element_type=\"section\">\n\t\t\t\t\t\t<div class=\"elementor-container elementor-column-gap-default\">\n\t\t\t\t\t<div class=\"elementor-column elementor-col-50 elementor-inner-column elementor-element elementor-element-39070c6\" data-id=\"39070c6\" data-element_type=\"column\">\n\t\t\t<div class=\"elementor-widget-wrap elementor-element-populated\">\n\t\t\t\t\t\t\t\t<div class=\"elementor-element elementor-element-63a1509 elementor-widget elementor-widget-text-editor\" data-id=\"63a1509\" data-element_type=\"widget\" data-widget_type=\"text-editor.default\">\n\t\t\t\t<div class=\"elementor-widget-container\">\n\t\t\t\t\t\t\t<p><strong>Start Kurs 1:\u00a0 \u00a017. Februar 2026<\/strong><\/p><p><strong>Wann:\u00a0 \u00a0 \u00a0 \u00a0 \u00a0 \u00a0 \u00a0\u00a0<\/strong> immer dienstags um 16:20h <em><br \/><\/em><\/p><p><strong>Start Kurs 2:\u00a0 \u00a0 derzeit kein Angebot<br \/><\/strong><\/p><p><strong>Wann:\u00a0 \u00a0 \u00a0 \u00a0 \u00a0 \u00a0 \u00a0 \u00a0 <\/strong>immer dienstags um 15:40h\u00a0<\/p><p><strong>Wo:\u00a0 \u00a0 \u00a0 \u00a0 \u00a0 \u00a0 \u00a0 \u00a0 \u00a0 \u00a0 <\/strong>in Klein F\u00f6rste<\/p><p><strong>Kosten:\u00a0 \u00a0 \u00a0 \u00a0 \u00a0 \u00a0\u00a0 105<\/strong>,- \u20ac (einmalig)<\/p><p><strong>Materialkosten:\u00a0 \u00a0<\/strong>keine<\/p><p><strong>Gruppengr\u00f6\u00dfe:\u00a0 \u00a0 <\/strong>5 bis max. 7 Kinder mit Begleitung<\/p><p><strong>Kursleitung:\u00a0 \u00a0 \u00a0 \u00a0 \u00a0<\/strong>Iris Ohle, Mobile Musikschule<\/p><p>\u00a0 \u00a0 \u00a0 \u00a0 \u00a0 \u00a0 \u00a0 \u00a0 \u00a0 \u00a0 \u00a0 \u00a0 \u00a0 \u00a0 \u00a0 (Ausbildung f\u00fcr Musikgarten)<span style=\"font-family: Helvetica, sans-serif; font-size: 10pt; color: #211313;\"><br \/><\/span><\/p>\t\t\t\t\t\t<\/div>\n\t\t\t\t<\/div>\n\t\t\t\t\t<\/div>\n\t\t<\/div>\n\t\t\t\t<div class=\"elementor-column elementor-col-50 elementor-inner-column elementor-element elementor-element-969ec18\" data-id=\"969ec18\" data-element_type=\"column\">\n\t\t\t<div class=\"elementor-widget-wrap\">\n\t\t\t\t\t\t\t\t\t<\/div>\n\t\t<\/div>\n\t\t\t\t\t\t\t<\/div>\n\t\t<\/section>\n\t\t\t\t\t<\/div>\n\t\t<\/div>\n\t\t\t\t\t\t\t<\/div>\n\t\t<\/section>\n\t\t\t\t<section class=\"elementor-section elementor-top-section elementor-element elementor-element-8a6203d elementor-section-boxed elementor-section-height-default elementor-section-height-default\" data-id=\"8a6203d\" data-element_type=\"section\">\n\t\t\t\t\t\t<div class=\"elementor-container elementor-column-gap-default\">\n\t\t\t\t\t<div class=\"elementor-column elementor-col-100 elementor-top-column elementor-element elementor-element-e3d7f8d\" data-id=\"e3d7f8d\" data-element_type=\"column\">\n\t\t\t<div class=\"elementor-widget-wrap elementor-element-populated\">\n\t\t\t\t\t\t\t\t<div class=\"elementor-element elementor-element-534eb96 elementor-align-center elementor-widget elementor-widget-button\" data-id=\"534eb96\" data-element_type=\"widget\" data-widget_type=\"button.default\">\n\t\t\t\t<div class=\"elementor-widget-container\">\n\t\t\t\t\t<div class=\"elementor-button-wrapper\">\n\t\t\t<a href=\"?page_id=703\" class=\"elementor-button-link elementor-button elementor-size-sm\" role=\"button\">\n\t\t\t\t\t\t<span class=\"elementor-button-content-wrapper\">\n\t\t\t\t\t\t<span class=\"elementor-button-text\">zur Anmeldung<\/span>\n\t\t<\/span>\n\t\t\t\t\t<\/a>\n\t\t<\/div>\n\t\t\t\t<\/div>\n\t\t\t\t<\/div>\n\t\t\t\t\t<\/div>\n\t\t<\/div>\n\t\t\t\t\t\t\t<\/div>\n\t\t<\/section>\n\t\t\t\t<section class=\"elementor-section elementor-top-section elementor-element elementor-element-4e58e17 elementor-section-boxed elementor-section-height-default elementor-section-height-default\" data-id=\"4e58e17\" data-element_type=\"section\">\n\t\t\t\t\t\t<div class=\"elementor-container elementor-column-gap-default\">\n\t\t\t\t\t<div class=\"elementor-column elementor-col-25 elementor-top-column elementor-element elementor-element-19b6f9b\" data-id=\"19b6f9b\" data-element_type=\"column\">\n\t\t\t<div class=\"elementor-widget-wrap\">\n\t\t\t\t\t\t\t\t\t<\/div>\n\t\t<\/div>\n\t\t\t\t<div class=\"elementor-column elementor-col-50 elementor-top-column elementor-element elementor-element-ff8296f\" data-id=\"ff8296f\" data-element_type=\"column\">\n\t\t\t<div class=\"elementor-widget-wrap elementor-element-populated\">\n\t\t\t\t\t\t\t\t<div class=\"elementor-element elementor-element-a30bb21 box-border-radius-30 elementor-widget elementor-widget-text-editor\" data-id=\"a30bb21\" data-element_type=\"widget\" data-widget_type=\"text-editor.default\">\n\t\t\t\t<div class=\"elementor-widget-container\">\n\t\t\t\t\t\t\t<p><strong>Unterrichtsordnung<\/strong><\/p><ol><li>Der Unterricht findet einmal w\u00f6chentlich statt.<\/li><li>Die Unterrichtsdauer betr\u00e4gt 30 Minuten.<\/li><li>Der Kurs umfasst 10 Unterrichtseinheiten.<\/li><li>Die Kursgeb\u00fchr betr\u00e4gt einmalig 105,- \u20ac und ist vor Kursbeginn auf das Konto des Musikzugs zu \u00fcberweisen. (Verwendungszwecke: Name des Teilnehmers \/ Musikzwerge)<\/li><li>An gesetzlichen Feiertagen und in den \u00f6rtlich geltenden Schulferien findet kein Unterricht statt, ohne dass dies Einfluss auf das vereinbarte monatliche Unterrichtshonorar hat.<\/li><li>Es bedarf keiner separaten K\u00fcndigung. Nach Vollendung der 10 Unterrichtseinheiten endet der Kurs. Sollte ein Folgekurs gew\u00fcnscht sein, bitten wir hierf\u00fcr um rechtzeitige Neuanmeldung.<\/li><li>Sollte der Kurs vorzeitig seitens des Teilnehmers unterbrochen werden, ist eine (Teil-)R\u00fcckerstattung der vereinbarten Kursgeb\u00fchr nicht m\u00f6glich.<\/li><\/ol>\t\t\t\t\t\t<\/div>\n\t\t\t\t<\/div>\n\t\t\t\t\t<\/div>\n\t\t<\/div>\n\t\t\t\t<div class=\"elementor-column elementor-col-25 elementor-top-column elementor-element elementor-element-b9931b8\" data-id=\"b9931b8\" data-element_type=\"column\">\n\t\t\t<div class=\"elementor-widget-wrap\">\n\t\t\t\t\t\t\t\t\t<\/div>\n\t\t<\/div>\n\t\t\t\t\t\t\t<\/div>\n\t\t<\/section>\n\t\t\t\t\t\t\t<\/div>\n\t\t","protected":false},"excerpt":{"rendered":"<p>Musikalischer Eltern \u2013 Kind &#8211; Kurs ( 18 Monate bis 3 Jahre ) Alle Kinder sind musikalisch. Sie haben eine angeborene F\u00e4higkeit zum Singen und zur rhythmischen Bewegung. Je fr\u00fcher das Kind an die Musik herangef\u00fchrt wird, desto nachhaltiger wird es gelingen, die nat\u00fcrliche musikalische Veranlagung zu wecken und zu [&hellip;]<\/p>\n","protected":false},"author":1,"featured_media":0,"parent":0,"menu_order":0,"comment_status":"closed","ping_status":"closed","template":"elementor_header_footer","meta":[],"_links":{"self":[{"href":"https:\/\/musikzug-kleinfoerste.de\/index.php?rest_route=\/wp\/v2\/pages\/155"}],"collection":[{"href":"https:\/\/musikzug-kleinfoerste.de\/index.php?rest_route=\/wp\/v2\/pages"}],"about":[{"href":"https:\/\/musikzug-kleinfoerste.de\/index.php?rest_route=\/wp\/v2\/types\/page"}],"author":[{"embeddable":true,"href":"https:\/\/musikzug-kleinfoerste.de\/index.php?rest_route=\/wp\/v2\/users\/1"}],"replies":[{"embeddable":true,"href":"https:\/\/musikzug-kleinfoerste.de\/index.php?rest_route=%2Fwp%2Fv2%2Fcomments&post=155"}],"version-history":[{"count":178,"href":"https:\/\/musikzug-kleinfoerste.de\/index.php?rest_route=\/wp\/v2\/pages\/155\/revisions"}],"predecessor-version":[{"id":1509,"href":"https:\/\/musikzug-kleinfoerste.de\/index.php?rest_route=\/wp\/v2\/pages\/155\/revisions\/1509"}],"wp:attachment":[{"href":"https:\/\/musikzug-kleinfoerste.de\/index.php?rest_route=%2Fwp%2Fv2%2Fmedia&parent=155"}],"curies":[{"name":"wp","href":"https:\/\/api.w.org\/{rel}","templated":true}]}}