{"id":187,"date":"2022-10-04T14:04:13","date_gmt":"2022-10-04T14:04:13","guid":{"rendered":"https:\/\/musikzug-kleinfoerste.de\/?page_id=187"},"modified":"2026-01-28T18:46:53","modified_gmt":"2026-01-28T18:46:53","slug":"die-melodica-bande","status":"publish","type":"page","link":"https:\/\/musikzug-kleinfoerste.de\/?page_id=187","title":{"rendered":"Die kleinen Tastenprofis"},"content":{"rendered":"\t\t<div data-elementor-type=\"wp-page\" data-elementor-id=\"187\" class=\"elementor elementor-187\">\n\t\t\t\t\t\t\t\t\t<section class=\"elementor-section elementor-top-section elementor-element elementor-element-42acb98 elementor-section-boxed elementor-section-height-default elementor-section-height-default\" data-id=\"42acb98\" data-element_type=\"section\">\n\t\t\t\t\t\t<div class=\"elementor-container elementor-column-gap-default\">\n\t\t\t\t\t<div class=\"elementor-column elementor-col-100 elementor-top-column elementor-element elementor-element-9e35685\" data-id=\"9e35685\" data-element_type=\"column\">\n\t\t\t<div class=\"elementor-widget-wrap elementor-element-populated\">\n\t\t\t\t\t\t\t\t<div class=\"elementor-element elementor-element-8b3f30f elementor-widget elementor-widget-image\" data-id=\"8b3f30f\" data-element_type=\"widget\" data-widget_type=\"image.default\">\n\t\t\t\t<div class=\"elementor-widget-container\">\n\t\t\t<style>\/*! elementor - v3.11.0 - 13-02-2023 *\/\n.elementor-widget-image{text-align:center}.elementor-widget-image a{display:inline-block}.elementor-widget-image a img[src$=\".svg\"]{width:48px}.elementor-widget-image img{vertical-align:middle;display:inline-block}<\/style>\t\t\t\t\t\t\t\t\t\t\t\t<img decoding=\"async\" width=\"300\" height=\"154\" src=\"https:\/\/musikzug-kleinfoerste.de\/wp-content\/uploads\/2023\/02\/logo_kleineTastenProfis-300x154.jpg\" class=\"attachment-medium size-medium wp-image-821\" alt=\"\" loading=\"lazy\" srcset=\"https:\/\/musikzug-kleinfoerste.de\/wp-content\/uploads\/2023\/02\/logo_kleineTastenProfis-300x154.jpg 300w, https:\/\/musikzug-kleinfoerste.de\/wp-content\/uploads\/2023\/02\/logo_kleineTastenProfis-1024x526.jpg 1024w, https:\/\/musikzug-kleinfoerste.de\/wp-content\/uploads\/2023\/02\/logo_kleineTastenProfis-768x394.jpg 768w, https:\/\/musikzug-kleinfoerste.de\/wp-content\/uploads\/2023\/02\/logo_kleineTastenProfis.jpg 1330w\" sizes=\"(max-width: 300px) 100vw, 300px\" \/>\t\t\t\t\t\t\t\t\t\t\t\t\t\t\t<\/div>\n\t\t\t\t<\/div>\n\t\t\t\t<div class=\"elementor-element elementor-element-5ab7bdc elementor-widget elementor-widget-heading\" data-id=\"5ab7bdc\" data-element_type=\"widget\" data-widget_type=\"heading.default\">\n\t\t\t\t<div class=\"elementor-widget-container\">\n\t\t\t<style>\/*! elementor - v3.11.0 - 13-02-2023 *\/\n.elementor-heading-title{padding:0;margin:0;line-height:1}.elementor-widget-heading .elementor-heading-title[class*=elementor-size-]>a{color:inherit;font-size:inherit;line-height:inherit}.elementor-widget-heading .elementor-heading-title.elementor-size-small{font-size:15px}.elementor-widget-heading .elementor-heading-title.elementor-size-medium{font-size:19px}.elementor-widget-heading .elementor-heading-title.elementor-size-large{font-size:29px}.elementor-widget-heading .elementor-heading-title.elementor-size-xl{font-size:39px}.elementor-widget-heading .elementor-heading-title.elementor-size-xxl{font-size:59px}<\/style><h2 class=\"elementor-heading-title elementor-size-default\">Die kleinen Tastenprofis<\/h2>\t\t<\/div>\n\t\t\t\t<\/div>\n\t\t\t\t\t<\/div>\n\t\t<\/div>\n\t\t\t\t\t\t\t<\/div>\n\t\t<\/section>\n\t\t\t\t<section class=\"elementor-section elementor-top-section elementor-element elementor-element-21e7d22 elementor-section-boxed elementor-section-height-default elementor-section-height-default\" data-id=\"21e7d22\" data-element_type=\"section\">\n\t\t\t\t\t\t<div class=\"elementor-container elementor-column-gap-default\">\n\t\t\t\t\t<div class=\"elementor-column elementor-col-100 elementor-top-column elementor-element elementor-element-17ac978\" data-id=\"17ac978\" data-element_type=\"column\">\n\t\t\t<div class=\"elementor-widget-wrap elementor-element-populated\">\n\t\t\t\t\t\t\t\t<div class=\"elementor-element elementor-element-f2a05a3 elementor-widget elementor-widget-text-editor\" data-id=\"f2a05a3\" data-element_type=\"widget\" data-widget_type=\"text-editor.default\">\n\t\t\t\t<div class=\"elementor-widget-container\">\n\t\t\t<style>\/*! elementor - v3.11.0 - 13-02-2023 *\/\n.elementor-widget-text-editor.elementor-drop-cap-view-stacked .elementor-drop-cap{background-color:#818a91;color:#fff}.elementor-widget-text-editor.elementor-drop-cap-view-framed .elementor-drop-cap{color:#818a91;border:3px solid;background-color:transparent}.elementor-widget-text-editor:not(.elementor-drop-cap-view-default) .elementor-drop-cap{margin-top:8px}.elementor-widget-text-editor:not(.elementor-drop-cap-view-default) .elementor-drop-cap-letter{width:1em;height:1em}.elementor-widget-text-editor .elementor-drop-cap{float:left;text-align:center;line-height:1;font-size:50px}.elementor-widget-text-editor .elementor-drop-cap-letter{display:inline-block}<\/style>\t\t\t\t<h3><strong>\u00a0 \u00a0F\u00fcr Grundschulkinder<\/strong><\/h3><p>Die Sch\u00fcler*innen k\u00f6nnen hier erste Erfahrungen auf einem Instrument machen. Durch die \u00e4u\u00dferst einfache Tonerzeugung ist die Melodica absolut geeignet, Kinder an die Musik heranzuf\u00fchren. Die Melodica vereint ein Blasinstrument mit einer Klaviertastatur. Dies hat viele p\u00e4dagogische Vorteile, denn auf diese Weise lernen die Kinder gleich, wie sich einzelne T\u00f6ne auf einer Tastatur anordnen.<\/p>\t\t\t\t\t\t<\/div>\n\t\t\t\t<\/div>\n\t\t\t\t<div class=\"elementor-element elementor-element-f2231f2 elementor-widget elementor-widget-text-editor\" data-id=\"f2231f2\" data-element_type=\"widget\" data-widget_type=\"text-editor.default\">\n\t\t\t\t<div class=\"elementor-widget-container\">\n\t\t\t\t\t\t\t<p><strong>Start:\u00a0 \u00a0 \u00a0 \u00a0 \u00a0\u00a0 Ein neuer Kurs f\u00fcr Anf\u00e4nger startet voraussichtlich am Montag, den 11.01.2027<\/strong><strong><br \/><\/strong><\/p><p><strong>Wer:\u00a0 \u00a0 \u00a0 \u00a0 \u00a0 \u00a0 \u00a0<\/strong>empfohlen f\u00fcr Grundschulkinder der 2. und 3. Klasse<\/p><p><strong>Wann:\u00a0 \u00a0 \u00a0 \u00a0 \u00a0 <\/strong>immer montags um 16:15h<\/p><p><strong>Wo:\u00a0 \u00a0 \u00a0 \u00a0 \u00a0 \u00a0 \u00a0 <\/strong>in Klein F\u00f6rste<\/p><p><strong>Kosten:\u00a0 \u00a0 \u00a0 \u00a0<\/strong>20,- \u20ac monatlich<\/p><p><strong>Materialkosten<\/strong>:\u00a0 ein Instrument wird vom Musikverein gestellt. Anzuschaffen ist noch eine sogenannte &#8222;Tube&#8220; (Mundst\u00fcck),<br \/>\u00a0 \u00a0 \u00a0 \u00a0 \u00a0 \u00a0 \u00a0 \u00a0 \u00a0 \u00a0 \u00a0 \u00a0 \u00a0 \u00a0 \u00a0 sowie eine Melodica Schule.<\/p><p><strong>Gruppengr\u00f6\u00dfe:\u00a0 \u00a0 <\/strong>maximal 5 Kinder<\/p><p><strong>Kursleitung:\u00a0 \u00a0 \u00a0 \u00a0 \u00a0<\/strong>Catherine Komes, Saxophonistin des Musikzugs Klein F\u00f6rste<\/p><p>neue<\/p>\t\t\t\t\t\t<\/div>\n\t\t\t\t<\/div>\n\t\t\t\t<div class=\"elementor-element elementor-element-6a2b907 elementor-widget elementor-widget-button\" data-id=\"6a2b907\" data-element_type=\"widget\" data-widget_type=\"button.default\">\n\t\t\t\t<div class=\"elementor-widget-container\">\n\t\t\t\t\t<div class=\"elementor-button-wrapper\">\n\t\t\t<a href=\"?page_id=703\" class=\"elementor-button-link elementor-button elementor-size-sm\" role=\"button\">\n\t\t\t\t\t\t<span class=\"elementor-button-content-wrapper\">\n\t\t\t\t\t\t<span class=\"elementor-button-text\">zur Anmeldung<\/span>\n\t\t<\/span>\n\t\t\t\t\t<\/a>\n\t\t<\/div>\n\t\t\t\t<\/div>\n\t\t\t\t<\/div>\n\t\t\t\t\t<\/div>\n\t\t<\/div>\n\t\t\t\t\t\t\t<\/div>\n\t\t<\/section>\n\t\t\t\t<section class=\"elementor-section elementor-top-section elementor-element elementor-element-e5acc8f elementor-section-boxed elementor-section-height-default elementor-section-height-default\" data-id=\"e5acc8f\" data-element_type=\"section\">\n\t\t\t\t\t\t<div class=\"elementor-container elementor-column-gap-default\">\n\t\t\t\t\t<div class=\"elementor-column elementor-col-25 elementor-top-column elementor-element elementor-element-7dfaaa8\" data-id=\"7dfaaa8\" data-element_type=\"column\">\n\t\t\t<div class=\"elementor-widget-wrap\">\n\t\t\t\t\t\t\t\t\t<\/div>\n\t\t<\/div>\n\t\t\t\t<div class=\"elementor-column elementor-col-50 elementor-top-column elementor-element elementor-element-22600d5\" data-id=\"22600d5\" data-element_type=\"column\">\n\t\t\t<div class=\"elementor-widget-wrap elementor-element-populated\">\n\t\t\t\t\t\t\t\t<div class=\"elementor-element elementor-element-a971020 elementor-widget elementor-widget-text-editor\" data-id=\"a971020\" data-element_type=\"widget\" data-widget_type=\"text-editor.default\">\n\t\t\t\t<div class=\"elementor-widget-container\">\n\t\t\t\t\t\t\t<p><strong>Unterrichtsordnung<\/strong><\/p><ol><li>Der Gruppenunterricht findet einmal w\u00f6chentlich statt.<\/li><li>Die Unterrichtsdauer betr\u00e4gt 45 Minuten.<\/li><li>Die monatliche Unterrichtsgeb\u00fchr betr\u00e4gt 20,-\u20ac.<\/li><li>An gesetzlichen Feiertagen und in den \u00f6rtlich geltenden Schulferien findet kein Unterricht statt, ohne dass dies Einfluss auf das vereinbarte monatliche Unterrichtshonorar hat.<\/li><li>Die K\u00fcndigung des Vertrags kann nur in schriftlicher Form mit einer Frist von vier Wochen vor Quartalsende erfolgen.<\/li><li>Die Monatsbeitr\u00e4ge werden monatlich per SEPA-Lastschrift zum 05. eines Monats erhoben (unsere Gl\u00e4ubiger ID: DE41ZZZ00000984848). Die Mehrkosten durch nichteingel\u00f6ste Lastschriften werden entsprechend weiterberechnet.<\/li><\/ol>\t\t\t\t\t\t<\/div>\n\t\t\t\t<\/div>\n\t\t\t\t\t<\/div>\n\t\t<\/div>\n\t\t\t\t<div class=\"elementor-column elementor-col-25 elementor-top-column elementor-element elementor-element-6be00d1\" data-id=\"6be00d1\" data-element_type=\"column\">\n\t\t\t<div class=\"elementor-widget-wrap\">\n\t\t\t\t\t\t\t\t\t<\/div>\n\t\t<\/div>\n\t\t\t\t\t\t\t<\/div>\n\t\t<\/section>\n\t\t\t\t\t\t\t<\/div>\n\t\t","protected":false},"excerpt":{"rendered":"<p>Die kleinen Tastenprofis \u00a0 \u00a0F\u00fcr Grundschulkinder Die Sch\u00fcler*innen k\u00f6nnen hier erste Erfahrungen auf einem Instrument machen. Durch die \u00e4u\u00dferst einfache Tonerzeugung ist die Melodica absolut geeignet, Kinder an die Musik heranzuf\u00fchren. Die Melodica vereint ein Blasinstrument mit einer Klaviertastatur. Dies hat viele p\u00e4dagogische Vorteile, denn auf diese Weise lernen die [&hellip;]<\/p>\n","protected":false},"author":1,"featured_media":0,"parent":0,"menu_order":0,"comment_status":"closed","ping_status":"closed","template":"elementor_header_footer","meta":[],"_links":{"self":[{"href":"https:\/\/musikzug-kleinfoerste.de\/index.php?rest_route=\/wp\/v2\/pages\/187"}],"collection":[{"href":"https:\/\/musikzug-kleinfoerste.de\/index.php?rest_route=\/wp\/v2\/pages"}],"about":[{"href":"https:\/\/musikzug-kleinfoerste.de\/index.php?rest_route=\/wp\/v2\/types\/page"}],"author":[{"embeddable":true,"href":"https:\/\/musikzug-kleinfoerste.de\/index.php?rest_route=\/wp\/v2\/users\/1"}],"replies":[{"embeddable":true,"href":"https:\/\/musikzug-kleinfoerste.de\/index.php?rest_route=%2Fwp%2Fv2%2Fcomments&post=187"}],"version-history":[{"count":83,"href":"https:\/\/musikzug-kleinfoerste.de\/index.php?rest_route=\/wp\/v2\/pages\/187\/revisions"}],"predecessor-version":[{"id":1518,"href":"https:\/\/musikzug-kleinfoerste.de\/index.php?rest_route=\/wp\/v2\/pages\/187\/revisions\/1518"}],"wp:attachment":[{"href":"https:\/\/musikzug-kleinfoerste.de\/index.php?rest_route=%2Fwp%2Fv2%2Fmedia&parent=187"}],"curies":[{"name":"wp","href":"https:\/\/api.w.org\/{rel}","templated":true}]}}

<div data-elementor-type="wp-page" data-elementor-id="187" class="elementor elementor-187">
									<section class="elementor-section elementor-top-section elementor-element elementor-element-42acb98 elementor-section-boxed elementor-section-height-default elementor-section-height-default" data-id="42acb98" data-element_type="section">
						<div class="elementor-container elementor-column-gap-default">
					<div class="elementor-column elementor-col-100 elementor-top-column elementor-element elementor-element-9e35685" data-id="9e35685" data-element_type="column">
			<div class="elementor-widget-wrap elementor-element-populated">
								<div class="elementor-element elementor-element-8b3f30f elementor-widget elementor-widget-image" data-id="8b3f30f" data-element_type="widget" data-widget_type="image.default">
				<div class="elementor-widget-container">
			<style>/*! elementor - v3.11.0 - 13-02-2023 */
.elementor-widget-image{text-align:center}.elementor-widget-image a{display:inline-block}.elementor-widget-image a img[src$=".svg"]{width:48px}.elementor-widget-image img{vertical-align:middle;display:inline-block}</style>												<img decoding="async" width="300" height="154" src="https://musikzug-kleinfoerste.de/wp-content/uploads/2023/02/logo_kleineTastenProfis-300x154.jpg" class="attachment-medium size-medium wp-image-821" alt="" loading="lazy" srcset="https://musikzug-kleinfoerste.de/wp-content/uploads/2023/02/logo_kleineTastenProfis-300x154.jpg 300w, https://musikzug-kleinfoerste.de/wp-content/uploads/2023/02/logo_kleineTastenProfis-1024x526.jpg 1024w, https://musikzug-kleinfoerste.de/wp-content/uploads/2023/02/logo_kleineTastenProfis-768x394.jpg 768w, https://musikzug-kleinfoerste.de/wp-content/uploads/2023/02/logo_kleineTastenProfis.jpg 1330w" sizes="(max-width: 300px) 100vw, 300px" />															</div>
				</div>
				<div class="elementor-element elementor-element-5ab7bdc elementor-widget elementor-widget-heading" data-id="5ab7bdc" data-element_type="widget" data-widget_type="heading.default">
				<div class="elementor-widget-container">
			<style>/*! elementor - v3.11.0 - 13-02-2023 */
.elementor-heading-title{padding:0;margin:0;line-height:1}.elementor-widget-heading .elementor-heading-title[class*=elementor-size-]>a{color:inherit;font-size:inherit;line-height:inherit}.elementor-widget-heading .elementor-heading-title.elementor-size-small{font-size:15px}.elementor-widget-heading .elementor-heading-title.elementor-size-medium{font-size:19px}.elementor-widget-heading .elementor-heading-title.elementor-size-large{font-size:29px}.elementor-widget-heading .elementor-heading-title.elementor-size-xl{font-size:39px}.elementor-widget-heading .elementor-heading-title.elementor-size-xxl{font-size:59px}</style><h2 class="elementor-heading-title elementor-size-default">Die kleinen Tastenprofis</h2>		</div>
				</div>
					</div>
		</div>
							</div>
		</section>
				<section class="elementor-section elementor-top-section elementor-element elementor-element-21e7d22 elementor-section-boxed elementor-section-height-default elementor-section-height-default" data-id="21e7d22" data-element_type="section">
						<div class="elementor-container elementor-column-gap-default">
					<div class="elementor-column elementor-col-100 elementor-top-column elementor-element elementor-element-17ac978" data-id="17ac978" data-element_type="column">
			<div class="elementor-widget-wrap elementor-element-populated">
								<div class="elementor-element elementor-element-f2a05a3 elementor-widget elementor-widget-text-editor" data-id="f2a05a3" data-element_type="widget" data-widget_type="text-editor.default">
				<div class="elementor-widget-container">
			<style>/*! elementor - v3.11.0 - 13-02-2023 */
.elementor-widget-text-editor.elementor-drop-cap-view-stacked .elementor-drop-cap{background-color:#818a91;color:#fff}.elementor-widget-text-editor.elementor-drop-cap-view-framed .elementor-drop-cap{color:#818a91;border:3px solid;background-color:transparent}.elementor-widget-text-editor:not(.elementor-drop-cap-view-default) .elementor-drop-cap{margin-top:8px}.elementor-widget-text-editor:not(.elementor-drop-cap-view-default) .elementor-drop-cap-letter{width:1em;height:1em}.elementor-widget-text-editor .elementor-drop-cap{float:left;text-align:center;line-height:1;font-size:50px}.elementor-widget-text-editor .elementor-drop-cap-letter{display:inline-block}</style>				<h3><strong>   Für Grundschulkinder</strong></h3><p>Die Schüler*innen können hier erste Erfahrungen auf einem Instrument machen. Durch die äußerst einfache Tonerzeugung ist die Melodica absolut geeignet, Kinder an die Musik heranzuführen. Die Melodica vereint ein Blasinstrument mit einer Klaviertastatur. Dies hat viele pädagogische Vorteile, denn auf diese Weise lernen die Kinder gleich, wie sich einzelne Töne auf einer Tastatur anordnen.</p>						</div>
				</div>
				<div class="elementor-element elementor-element-f2231f2 elementor-widget elementor-widget-text-editor" data-id="f2231f2" data-element_type="widget" data-widget_type="text-editor.default">
				<div class="elementor-widget-container">
							<p><strong>Start:           Ein neuer Kurs für Anfänger startet voraussichtlich am Montag, den 11.01.2027</strong><strong><br /></strong></p><p><strong>Wer:             </strong>empfohlen für Grundschulkinder der 2. und 3. Klasse</p><p><strong>Wann:          </strong>immer montags um 16:15h</p><p><strong>Wo:              </strong>in Klein Förste</p><p><strong>Kosten:       </strong>20,- € monatlich</p><p><strong>Materialkosten</strong>:  ein Instrument wird vom Musikverein gestellt. Anzuschaffen ist noch eine sogenannte &#8222;Tube&#8220; (Mundstück),<br />                              sowie eine Melodica Schule.</p><p><strong>Gruppengröße:    </strong>maximal 5 Kinder</p><p><strong>Kursleitung:         </strong>Catherine Komes, Saxophonistin des Musikzugs Klein Förste</p><p>neue</p>						</div>
				</div>
				<div class="elementor-element elementor-element-6a2b907 elementor-widget elementor-widget-button" data-id="6a2b907" data-element_type="widget" data-widget_type="button.default">
				<div class="elementor-widget-container">
					<div class="elementor-button-wrapper">
			<a href="?page_id=703" class="elementor-button-link elementor-button elementor-size-sm" role="button">
						<span class="elementor-button-content-wrapper">
						<span class="elementor-button-text">zur Anmeldung</span>
		</span>
					</a>
		</div>
				</div>
				</div>
					</div>
		</div>
							</div>
		</section>
				<section class="elementor-section elementor-top-section elementor-element elementor-element-e5acc8f elementor-section-boxed elementor-section-height-default elementor-section-height-default" data-id="e5acc8f" data-element_type="section">
						<div class="elementor-container elementor-column-gap-default">
					<div class="elementor-column elementor-col-25 elementor-top-column elementor-element elementor-element-7dfaaa8" data-id="7dfaaa8" data-element_type="column">
			<div class="elementor-widget-wrap">
									</div>
		</div>
				<div class="elementor-column elementor-col-50 elementor-top-column elementor-element elementor-element-22600d5" data-id="22600d5" data-element_type="column">
			<div class="elementor-widget-wrap elementor-element-populated">
								<div class="elementor-element elementor-element-a971020 elementor-widget elementor-widget-text-editor" data-id="a971020" data-element_type="widget" data-widget_type="text-editor.default">
				<div class="elementor-widget-container">
							<p><strong>Unterrichtsordnung</strong></p><ol><li>Der Gruppenunterricht findet einmal wöchentlich statt.</li><li>Die Unterrichtsdauer beträgt 45 Minuten.</li><li>Die monatliche Unterrichtsgebühr beträgt 20,-€.</li><li>An gesetzlichen Feiertagen und in den örtlich geltenden Schulferien findet kein Unterricht statt, ohne dass dies Einfluss auf das vereinbarte monatliche Unterrichtshonorar hat.</li><li>Die Kündigung des Vertrags kann nur in schriftlicher Form mit einer Frist von vier Wochen vor Quartalsende erfolgen.</li><li>Die Monatsbeiträge werden monatlich per SEPA-Lastschrift zum 05. eines Monats erhoben (unsere Gläubiger ID: DE41ZZZ00000984848). Die Mehrkosten durch nichteingelöste Lastschriften werden entsprechend weiterberechnet.</li></ol>						</div>
				</div>
					</div>
		</div>
				<div class="elementor-column elementor-col-25 elementor-top-column elementor-element elementor-element-6be00d1" data-id="6be00d1" data-element_type="column">
			<div class="elementor-widget-wrap">
									</div>
		</div>
							</div>
		</section>
							</div>

<p>Die kleinen Tastenprofis    Für Grundschulkinder Die Schüler*innen können hier erste Erfahrungen auf einem Instrument machen. Durch die äußerst einfache Tonerzeugung ist die Melodica absolut geeignet, Kinder an die Musik heranzuführen. Die Melodica vereint ein Blasinstrument mit einer Klaviertastatur. Dies hat viele pädagogische Vorteile, denn auf diese Weise lernen die [&hellip;]</p>
