{"id":210,"date":"2022-10-04T14:28:18","date_gmt":"2022-10-04T14:28:18","guid":{"rendered":"https:\/\/musikzug-kleinfoerste.de\/?page_id=210"},"modified":"2024-01-29T21:22:35","modified_gmt":"2024-01-29T21:22:35","slug":"jugendorchester","status":"publish","type":"page","link":"https:\/\/musikzug-kleinfoerste.de\/?page_id=210","title":{"rendered":"Jugendorchester"},"content":{"rendered":"\t\t<div data-elementor-type=\"wp-page\" data-elementor-id=\"210\" class=\"elementor elementor-210\">\n\t\t\t\t\t\t\t\t\t<section class=\"elementor-section elementor-top-section elementor-element elementor-element-1d67788 elementor-section-boxed elementor-section-height-default elementor-section-height-default\" data-id=\"1d67788\" data-element_type=\"section\">\n\t\t\t\t\t\t<div class=\"elementor-container elementor-column-gap-default\">\n\t\t\t\t\t<div class=\"elementor-column elementor-col-100 elementor-top-column elementor-element elementor-element-ee1e62e\" data-id=\"ee1e62e\" data-element_type=\"column\">\n\t\t\t<div class=\"elementor-widget-wrap elementor-element-populated\">\n\t\t\t\t\t\t\t\t<div class=\"elementor-element elementor-element-e06ae7e elementor-widget elementor-widget-image\" data-id=\"e06ae7e\" data-element_type=\"widget\" data-widget_type=\"image.default\">\n\t\t\t\t<div class=\"elementor-widget-container\">\n\t\t\t<style>\/*! elementor - v3.11.0 - 13-02-2023 *\/\n.elementor-widget-image{text-align:center}.elementor-widget-image a{display:inline-block}.elementor-widget-image a img[src$=\".svg\"]{width:48px}.elementor-widget-image img{vertical-align:middle;display:inline-block}<\/style>\t\t\t\t\t\t\t\t\t\t\t\t<img decoding=\"async\" width=\"300\" height=\"200\" src=\"https:\/\/musikzug-kleinfoerste.de\/wp-content\/uploads\/2022\/09\/saxGruppe-300x200.jpg\" class=\"attachment-medium size-medium wp-image-85\" alt=\"\" loading=\"lazy\" srcset=\"https:\/\/musikzug-kleinfoerste.de\/wp-content\/uploads\/2022\/09\/saxGruppe-300x200.jpg 300w, https:\/\/musikzug-kleinfoerste.de\/wp-content\/uploads\/2022\/09\/saxGruppe.jpg 640w\" sizes=\"(max-width: 300px) 100vw, 300px\" \/>\t\t\t\t\t\t\t\t\t\t\t\t\t\t\t<\/div>\n\t\t\t\t<\/div>\n\t\t\t\t\t<\/div>\n\t\t<\/div>\n\t\t\t\t\t\t\t<\/div>\n\t\t<\/section>\n\t\t\t\t<section class=\"elementor-section elementor-top-section elementor-element elementor-element-178ee5d elementor-section-boxed elementor-section-height-default elementor-section-height-default\" data-id=\"178ee5d\" data-element_type=\"section\">\n\t\t\t\t\t\t<div class=\"elementor-container elementor-column-gap-default\">\n\t\t\t\t\t<div class=\"elementor-column elementor-col-100 elementor-top-column elementor-element elementor-element-e18e954\" data-id=\"e18e954\" data-element_type=\"column\">\n\t\t\t<div class=\"elementor-widget-wrap elementor-element-populated\">\n\t\t\t\t\t\t\t\t<div class=\"elementor-element elementor-element-ce0b875 elementor-widget elementor-widget-heading\" data-id=\"ce0b875\" data-element_type=\"widget\" data-widget_type=\"heading.default\">\n\t\t\t\t<div class=\"elementor-widget-container\">\n\t\t\t<style>\/*! elementor - v3.11.0 - 13-02-2023 *\/\n.elementor-heading-title{padding:0;margin:0;line-height:1}.elementor-widget-heading .elementor-heading-title[class*=elementor-size-]>a{color:inherit;font-size:inherit;line-height:inherit}.elementor-widget-heading .elementor-heading-title.elementor-size-small{font-size:15px}.elementor-widget-heading .elementor-heading-title.elementor-size-medium{font-size:19px}.elementor-widget-heading .elementor-heading-title.elementor-size-large{font-size:29px}.elementor-widget-heading .elementor-heading-title.elementor-size-xl{font-size:39px}.elementor-widget-heading .elementor-heading-title.elementor-size-xxl{font-size:59px}<\/style><h5 class=\"elementor-heading-title elementor-size-default\">F\u00fcr Einsteiger<\/h5>\t\t<\/div>\n\t\t\t\t<\/div>\n\t\t\t\t<div class=\"elementor-element elementor-element-d46ee2f elementor-widget elementor-widget-text-editor\" data-id=\"d46ee2f\" data-element_type=\"widget\" data-widget_type=\"text-editor.default\">\n\t\t\t\t<div class=\"elementor-widget-container\">\n\t\t\t<style>\/*! elementor - v3.11.0 - 13-02-2023 *\/\n.elementor-widget-text-editor.elementor-drop-cap-view-stacked .elementor-drop-cap{background-color:#818a91;color:#fff}.elementor-widget-text-editor.elementor-drop-cap-view-framed .elementor-drop-cap{color:#818a91;border:3px solid;background-color:transparent}.elementor-widget-text-editor:not(.elementor-drop-cap-view-default) .elementor-drop-cap{margin-top:8px}.elementor-widget-text-editor:not(.elementor-drop-cap-view-default) .elementor-drop-cap-letter{width:1em;height:1em}.elementor-widget-text-editor .elementor-drop-cap{float:left;text-align:center;line-height:1;font-size:50px}.elementor-widget-text-editor .elementor-drop-cap-letter{display:inline-block}<\/style>\t\t\t\t<p>Der Musikzug Klein F\u00f6rste bietet Dir die M\u00f6glichkeit, ein Blasinstrument \/ Schlagzeug zu erlernen. Eine Auswahl an Instrumenten steht dir zum Verleih zur Verf\u00fcgung (unentgeltlich). Vielleicht hast du bereits schon mal an einem Instrumentenkarussel teilgenommen, und hast schon eine genaue Vorstellung von dem Instrument, welches Du erlernen m\u00f6chtest. Wenn nicht, ist das auch nicht schlimm: auf Anfrage gibt Dir der Musikzug gerne noch Mal eine Gelegenheit, verschiedene Instrumente auszuprobieren. Sobald du dich f\u00fcr ein Instrument entschieden hast, vermittelt dir der Musikzug einen Lehrer f\u00fcr den\u00a0 Instrumentalunterricht. Und sobald du eine gewisse Sicherheit auf deinem Instrument hast, wirst du dann im Jugendorchester mitwirken. Wir freuen uns auf Dich!<\/p>\t\t\t\t\t\t<\/div>\n\t\t\t\t<\/div>\n\t\t\t\t<div class=\"elementor-element elementor-element-6e42431 elementor-widget elementor-widget-text-editor\" data-id=\"6e42431\" data-element_type=\"widget\" data-widget_type=\"text-editor.default\">\n\t\t\t\t<div class=\"elementor-widget-container\">\n\t\t\t\t\t\t\t<p><strong>Wann: <\/strong>Instrumentalunterricht individuell \/ gemeinsame Probe:\u00a0<br \/><strong>donnerstags um 18.00h<\/strong><\/p><p><strong style=\"font-family: var( --e-global-typography-primary-font-family ), Sans-serif;\">Wer: <\/strong>Kinder \/ Jugendliche ab 8 Jahren<\/p><p><strong>Wo: <\/strong>Probenraum des Musikzugs, Kastanienallee 12 in Klein F\u00f6rste<\/p><p><strong>Kosten:<\/strong> kostenfrei, Voraussetzung ist die Mitgliedschaft im Verein<\/p><p><strong>Leitung: <\/strong>Stefan Mohr, Klarinettist im Musikzug Klein F\u00f6rste<\/p><p>F\u00fcr den Instrumentalunterricht fallen separate Kosten an, die je nach Lehrer variieren. Der \u00dcbungstermin und -ort ist hier individuell zu vereinbaren.<br \/>M\u00f6glich ist auch der Instrumentalunterricht in Kleinstgruppen (2 bis max. 3 Sch\u00fcler)<\/p>\t\t\t\t\t\t<\/div>\n\t\t\t\t<\/div>\n\t\t\t\t<div class=\"elementor-element elementor-element-0feff6d elementor-widget elementor-widget-button\" data-id=\"0feff6d\" data-element_type=\"widget\" data-widget_type=\"button.default\">\n\t\t\t\t<div class=\"elementor-widget-container\">\n\t\t\t\t\t<div class=\"elementor-button-wrapper\">\n\t\t\t<a href=\"?page_id=425\" class=\"elementor-button-link elementor-button elementor-size-sm\" role=\"button\">\n\t\t\t\t\t\t<span class=\"elementor-button-content-wrapper\">\n\t\t\t\t\t\t<span class=\"elementor-button-text\">Kontakt<\/span>\n\t\t<\/span>\n\t\t\t\t\t<\/a>\n\t\t<\/div>\n\t\t\t\t<\/div>\n\t\t\t\t<\/div>\n\t\t\t\t<div class=\"elementor-element elementor-element-ef763da elementor-widget elementor-widget-heading\" data-id=\"ef763da\" data-element_type=\"widget\" data-widget_type=\"heading.default\">\n\t\t\t\t<div class=\"elementor-widget-container\">\n\t\t\t<h5 class=\"elementor-heading-title elementor-size-default\">F\u00fcr Fortgeschrittene\u200b<\/h5>\t\t<\/div>\n\t\t\t\t<\/div>\n\t\t\t\t<div class=\"elementor-element elementor-element-28e327e elementor-widget elementor-widget-text-editor\" data-id=\"28e327e\" data-element_type=\"widget\" data-widget_type=\"text-editor.default\">\n\t\t\t\t<div class=\"elementor-widget-container\">\n\t\t\t\t\t\t\t<p>Du kannst bereits ein Blasinstrument spielen oder bist ein junger Schlagzeuger? Wenn du nun auch noch Spa\u00df am gemeinsamen Musizieren hast und gerne neue Jugendliche kennenlernen m\u00f6chtest, dann bist du bei uns genau richtig.\u00a0<\/p>\t\t\t\t\t\t<\/div>\n\t\t\t\t<\/div>\n\t\t\t\t<div class=\"elementor-element elementor-element-e3ff532 elementor-widget elementor-widget-text-editor\" data-id=\"e3ff532\" data-element_type=\"widget\" data-widget_type=\"text-editor.default\">\n\t\t\t\t<div class=\"elementor-widget-container\">\n\t\t\t\t\t\t\t<p><strong>Wann: <\/strong>gemeinsame Orchesterprobe donnerstags um 19:15h<\/p><p><strong>Wer: <\/strong>Kinder \/ Jugendliche, die bereits ein Blasinstrument \/ Schlagwerk beherrschen<\/p><p><strong>Wo: <\/strong>Probenraum des Musikzugs, Kastanienallee 12 in Klein F\u00f6rste<\/p><p><strong>Kosten: <\/strong>kostenfrei, Voraussetzung ist die Mitgliedschaft im Verein<\/p><p><strong>Leitung: <\/strong>Tim Remmert, Lehrer und Bl\u00e4serklassenleiter am Gymnasium in Hildesheim, ehemaliger Klarinettist im Nieders\u00e4chsischen Polizeiorchester<\/p>\t\t\t\t\t\t<\/div>\n\t\t\t\t<\/div>\n\t\t\t\t\t<\/div>\n\t\t<\/div>\n\t\t\t\t\t\t\t<\/div>\n\t\t<\/section>\n\t\t\t\t<section class=\"elementor-section elementor-top-section elementor-element elementor-element-26d607a elementor-section-boxed elementor-section-height-default elementor-section-height-default\" data-id=\"26d607a\" data-element_type=\"section\">\n\t\t\t\t\t\t<div class=\"elementor-container elementor-column-gap-default\">\n\t\t\t\t\t<div class=\"elementor-column elementor-col-100 elementor-top-column elementor-element elementor-element-b227f3c\" data-id=\"b227f3c\" data-element_type=\"column\">\n\t\t\t<div class=\"elementor-widget-wrap elementor-element-populated\">\n\t\t\t\t\t\t\t\t<div class=\"elementor-element elementor-element-558fa5f elementor-widget elementor-widget-button\" data-id=\"558fa5f\" data-element_type=\"widget\" data-widget_type=\"button.default\">\n\t\t\t\t<div class=\"elementor-widget-container\">\n\t\t\t\t\t<div class=\"elementor-button-wrapper\">\n\t\t\t<a href=\"?page_id=425\" class=\"elementor-button-link elementor-button elementor-size-sm\" role=\"button\">\n\t\t\t\t\t\t<span class=\"elementor-button-content-wrapper\">\n\t\t\t\t\t\t<span class=\"elementor-button-text\">Kontakt<\/span>\n\t\t<\/span>\n\t\t\t\t\t<\/a>\n\t\t<\/div>\n\t\t\t\t<\/div>\n\t\t\t\t<\/div>\n\t\t\t\t\t<\/div>\n\t\t<\/div>\n\t\t\t\t\t\t\t<\/div>\n\t\t<\/section>\n\t\t\t\t\t\t\t<\/div>\n\t\t","protected":false},"excerpt":{"rendered":"<p>F\u00fcr Einsteiger Der Musikzug Klein F\u00f6rste bietet Dir die M\u00f6glichkeit, ein Blasinstrument \/ Schlagzeug zu erlernen. Eine Auswahl an Instrumenten steht dir zum Verleih zur Verf\u00fcgung (unentgeltlich). Vielleicht hast du bereits schon mal an einem Instrumentenkarussel teilgenommen, und hast schon eine genaue Vorstellung von dem Instrument, welches Du erlernen m\u00f6chtest. [&hellip;]<\/p>\n","protected":false},"author":1,"featured_media":0,"parent":0,"menu_order":0,"comment_status":"closed","ping_status":"closed","template":"elementor_header_footer","meta":[],"_links":{"self":[{"href":"https:\/\/musikzug-kleinfoerste.de\/index.php?rest_route=\/wp\/v2\/pages\/210"}],"collection":[{"href":"https:\/\/musikzug-kleinfoerste.de\/index.php?rest_route=\/wp\/v2\/pages"}],"about":[{"href":"https:\/\/musikzug-kleinfoerste.de\/index.php?rest_route=\/wp\/v2\/types\/page"}],"author":[{"embeddable":true,"href":"https:\/\/musikzug-kleinfoerste.de\/index.php?rest_route=\/wp\/v2\/users\/1"}],"replies":[{"embeddable":true,"href":"https:\/\/musikzug-kleinfoerste.de\/index.php?rest_route=%2Fwp%2Fv2%2Fcomments&post=210"}],"version-history":[{"count":37,"href":"https:\/\/musikzug-kleinfoerste.de\/index.php?rest_route=\/wp\/v2\/pages\/210\/revisions"}],"predecessor-version":[{"id":1132,"href":"https:\/\/musikzug-kleinfoerste.de\/index.php?rest_route=\/wp\/v2\/pages\/210\/revisions\/1132"}],"wp:attachment":[{"href":"https:\/\/musikzug-kleinfoerste.de\/index.php?rest_route=%2Fwp%2Fv2%2Fmedia&parent=210"}],"curies":[{"name":"wp","href":"https:\/\/api.w.org\/{rel}","templated":true}]}}

<div data-elementor-type="wp-page" data-elementor-id="210" class="elementor elementor-210">
									<section class="elementor-section elementor-top-section elementor-element elementor-element-1d67788 elementor-section-boxed elementor-section-height-default elementor-section-height-default" data-id="1d67788" data-element_type="section">
						<div class="elementor-container elementor-column-gap-default">
					<div class="elementor-column elementor-col-100 elementor-top-column elementor-element elementor-element-ee1e62e" data-id="ee1e62e" data-element_type="column">
			<div class="elementor-widget-wrap elementor-element-populated">
								<div class="elementor-element elementor-element-e06ae7e elementor-widget elementor-widget-image" data-id="e06ae7e" data-element_type="widget" data-widget_type="image.default">
				<div class="elementor-widget-container">
			<style>/*! elementor - v3.11.0 - 13-02-2023 */
.elementor-widget-image{text-align:center}.elementor-widget-image a{display:inline-block}.elementor-widget-image a img[src$=".svg"]{width:48px}.elementor-widget-image img{vertical-align:middle;display:inline-block}</style>												<img decoding="async" width="300" height="200" src="https://musikzug-kleinfoerste.de/wp-content/uploads/2022/09/saxGruppe-300x200.jpg" class="attachment-medium size-medium wp-image-85" alt="" loading="lazy" srcset="https://musikzug-kleinfoerste.de/wp-content/uploads/2022/09/saxGruppe-300x200.jpg 300w, https://musikzug-kleinfoerste.de/wp-content/uploads/2022/09/saxGruppe.jpg 640w" sizes="(max-width: 300px) 100vw, 300px" />															</div>
				</div>
					</div>
		</div>
							</div>
		</section>
				<section class="elementor-section elementor-top-section elementor-element elementor-element-178ee5d elementor-section-boxed elementor-section-height-default elementor-section-height-default" data-id="178ee5d" data-element_type="section">
						<div class="elementor-container elementor-column-gap-default">
					<div class="elementor-column elementor-col-100 elementor-top-column elementor-element elementor-element-e18e954" data-id="e18e954" data-element_type="column">
			<div class="elementor-widget-wrap elementor-element-populated">
								<div class="elementor-element elementor-element-ce0b875 elementor-widget elementor-widget-heading" data-id="ce0b875" data-element_type="widget" data-widget_type="heading.default">
				<div class="elementor-widget-container">
			<style>/*! elementor - v3.11.0 - 13-02-2023 */
.elementor-heading-title{padding:0;margin:0;line-height:1}.elementor-widget-heading .elementor-heading-title[class*=elementor-size-]>a{color:inherit;font-size:inherit;line-height:inherit}.elementor-widget-heading .elementor-heading-title.elementor-size-small{font-size:15px}.elementor-widget-heading .elementor-heading-title.elementor-size-medium{font-size:19px}.elementor-widget-heading .elementor-heading-title.elementor-size-large{font-size:29px}.elementor-widget-heading .elementor-heading-title.elementor-size-xl{font-size:39px}.elementor-widget-heading .elementor-heading-title.elementor-size-xxl{font-size:59px}</style><h5 class="elementor-heading-title elementor-size-default">Für Einsteiger</h5>		</div>
				</div>
				<div class="elementor-element elementor-element-d46ee2f elementor-widget elementor-widget-text-editor" data-id="d46ee2f" data-element_type="widget" data-widget_type="text-editor.default">
				<div class="elementor-widget-container">
			<style>/*! elementor - v3.11.0 - 13-02-2023 */
.elementor-widget-text-editor.elementor-drop-cap-view-stacked .elementor-drop-cap{background-color:#818a91;color:#fff}.elementor-widget-text-editor.elementor-drop-cap-view-framed .elementor-drop-cap{color:#818a91;border:3px solid;background-color:transparent}.elementor-widget-text-editor:not(.elementor-drop-cap-view-default) .elementor-drop-cap{margin-top:8px}.elementor-widget-text-editor:not(.elementor-drop-cap-view-default) .elementor-drop-cap-letter{width:1em;height:1em}.elementor-widget-text-editor .elementor-drop-cap{float:left;text-align:center;line-height:1;font-size:50px}.elementor-widget-text-editor .elementor-drop-cap-letter{display:inline-block}</style>				<p>Der Musikzug Klein Förste bietet Dir die Möglichkeit, ein Blasinstrument / Schlagzeug zu erlernen. Eine Auswahl an Instrumenten steht dir zum Verleih zur Verfügung (unentgeltlich). Vielleicht hast du bereits schon mal an einem Instrumentenkarussel teilgenommen, und hast schon eine genaue Vorstellung von dem Instrument, welches Du erlernen möchtest. Wenn nicht, ist das auch nicht schlimm: auf Anfrage gibt Dir der Musikzug gerne noch Mal eine Gelegenheit, verschiedene Instrumente auszuprobieren. Sobald du dich für ein Instrument entschieden hast, vermittelt dir der Musikzug einen Lehrer für den  Instrumentalunterricht. Und sobald du eine gewisse Sicherheit auf deinem Instrument hast, wirst du dann im Jugendorchester mitwirken. Wir freuen uns auf Dich!</p>						</div>
				</div>
				<div class="elementor-element elementor-element-6e42431 elementor-widget elementor-widget-text-editor" data-id="6e42431" data-element_type="widget" data-widget_type="text-editor.default">
				<div class="elementor-widget-container">
							<p><strong>Wann: </strong>Instrumentalunterricht individuell / gemeinsame Probe: <br /><strong>donnerstags um 18.00h</strong></p><p><strong style="font-family: var( --e-global-typography-primary-font-family ), Sans-serif;">Wer: </strong>Kinder / Jugendliche ab 8 Jahren</p><p><strong>Wo: </strong>Probenraum des Musikzugs, Kastanienallee 12 in Klein Förste</p><p><strong>Kosten:</strong> kostenfrei, Voraussetzung ist die Mitgliedschaft im Verein</p><p><strong>Leitung: </strong>Stefan Mohr, Klarinettist im Musikzug Klein Förste</p><p>Für den Instrumentalunterricht fallen separate Kosten an, die je nach Lehrer variieren. Der Übungstermin und -ort ist hier individuell zu vereinbaren.<br />Möglich ist auch der Instrumentalunterricht in Kleinstgruppen (2 bis max. 3 Schüler)</p>						</div>
				</div>
				<div class="elementor-element elementor-element-0feff6d elementor-widget elementor-widget-button" data-id="0feff6d" data-element_type="widget" data-widget_type="button.default">
				<div class="elementor-widget-container">
					<div class="elementor-button-wrapper">
			<a href="?page_id=425" class="elementor-button-link elementor-button elementor-size-sm" role="button">
						<span class="elementor-button-content-wrapper">
						<span class="elementor-button-text">Kontakt</span>
		</span>
					</a>
		</div>
				</div>
				</div>
				<div class="elementor-element elementor-element-ef763da elementor-widget elementor-widget-heading" data-id="ef763da" data-element_type="widget" data-widget_type="heading.default">
				<div class="elementor-widget-container">
			<h5 class="elementor-heading-title elementor-size-default">Für Fortgeschrittene​</h5>		</div>
				</div>
				<div class="elementor-element elementor-element-28e327e elementor-widget elementor-widget-text-editor" data-id="28e327e" data-element_type="widget" data-widget_type="text-editor.default">
				<div class="elementor-widget-container">
							<p>Du kannst bereits ein Blasinstrument spielen oder bist ein junger Schlagzeuger? Wenn du nun auch noch Spaß am gemeinsamen Musizieren hast und gerne neue Jugendliche kennenlernen möchtest, dann bist du bei uns genau richtig. </p>						</div>
				</div>
				<div class="elementor-element elementor-element-e3ff532 elementor-widget elementor-widget-text-editor" data-id="e3ff532" data-element_type="widget" data-widget_type="text-editor.default">
				<div class="elementor-widget-container">
							<p><strong>Wann: </strong>gemeinsame Orchesterprobe donnerstags um 19:15h</p><p><strong>Wer: </strong>Kinder / Jugendliche, die bereits ein Blasinstrument / Schlagwerk beherrschen</p><p><strong>Wo: </strong>Probenraum des Musikzugs, Kastanienallee 12 in Klein Förste</p><p><strong>Kosten: </strong>kostenfrei, Voraussetzung ist die Mitgliedschaft im Verein</p><p><strong>Leitung: </strong>Tim Remmert, Lehrer und Bläserklassenleiter am Gymnasium in Hildesheim, ehemaliger Klarinettist im Niedersächsischen Polizeiorchester</p>						</div>
				</div>
					</div>
		</div>
							</div>
		</section>
				<section class="elementor-section elementor-top-section elementor-element elementor-element-26d607a elementor-section-boxed elementor-section-height-default elementor-section-height-default" data-id="26d607a" data-element_type="section">
						<div class="elementor-container elementor-column-gap-default">
					<div class="elementor-column elementor-col-100 elementor-top-column elementor-element elementor-element-b227f3c" data-id="b227f3c" data-element_type="column">
			<div class="elementor-widget-wrap elementor-element-populated">
								<div class="elementor-element elementor-element-558fa5f elementor-widget elementor-widget-button" data-id="558fa5f" data-element_type="widget" data-widget_type="button.default">
				<div class="elementor-widget-container">
					<div class="elementor-button-wrapper">
			<a href="?page_id=425" class="elementor-button-link elementor-button elementor-size-sm" role="button">
						<span class="elementor-button-content-wrapper">
						<span class="elementor-button-text">Kontakt</span>
		</span>
					</a>
		</div>
				</div>
				</div>
					</div>
		</div>
							</div>
		</section>
							</div>

<p>Für Einsteiger Der Musikzug Klein Förste bietet Dir die Möglichkeit, ein Blasinstrument / Schlagzeug zu erlernen. Eine Auswahl an Instrumenten steht dir zum Verleih zur Verfügung (unentgeltlich). Vielleicht hast du bereits schon mal an einem Instrumentenkarussel teilgenommen, und hast schon eine genaue Vorstellung von dem Instrument, welches Du erlernen möchtest. [&hellip;]</p>
