{"id":400,"date":"2022-10-24T07:52:56","date_gmt":"2022-10-24T07:52:56","guid":{"rendered":"https:\/\/musikzug-kleinfoerste.de\/?page_id=400"},"modified":"2025-10-27T18:49:57","modified_gmt":"2025-10-27T18:49:57","slug":"geschichte","status":"publish","type":"page","link":"https:\/\/musikzug-kleinfoerste.de\/?page_id=400","title":{"rendered":"Verein &#8211; Geschichte"},"content":{"rendered":"\t\t<div data-elementor-type=\"wp-page\" data-elementor-id=\"400\" class=\"elementor elementor-400\">\n\t\t\t\t\t\t\t\t\t<section class=\"elementor-section elementor-top-section elementor-element elementor-element-beec01f elementor-section-boxed elementor-section-height-default elementor-section-height-default\" data-id=\"beec01f\" data-element_type=\"section\">\n\t\t\t\t\t\t<div class=\"elementor-container elementor-column-gap-default\">\n\t\t\t\t\t<div class=\"elementor-column elementor-col-100 elementor-top-column elementor-element elementor-element-501a023\" data-id=\"501a023\" data-element_type=\"column\">\n\t\t\t<div class=\"elementor-widget-wrap elementor-element-populated\">\n\t\t\t\t\t\t\t\t<div class=\"elementor-element elementor-element-38331e2 elementor-widget elementor-widget-heading\" data-id=\"38331e2\" data-element_type=\"widget\" data-widget_type=\"heading.default\">\n\t\t\t\t<div class=\"elementor-widget-container\">\n\t\t\t<style>\/*! elementor - v3.11.0 - 13-02-2023 *\/\n.elementor-heading-title{padding:0;margin:0;line-height:1}.elementor-widget-heading .elementor-heading-title[class*=elementor-size-]>a{color:inherit;font-size:inherit;line-height:inherit}.elementor-widget-heading .elementor-heading-title.elementor-size-small{font-size:15px}.elementor-widget-heading .elementor-heading-title.elementor-size-medium{font-size:19px}.elementor-widget-heading .elementor-heading-title.elementor-size-large{font-size:29px}.elementor-widget-heading .elementor-heading-title.elementor-size-xl{font-size:39px}.elementor-widget-heading .elementor-heading-title.elementor-size-xxl{font-size:59px}<\/style><h1 class=\"elementor-heading-title elementor-size-default\">Vereinsgeschichte<\/h1>\t\t<\/div>\n\t\t\t\t<\/div>\n\t\t\t\t\t<\/div>\n\t\t<\/div>\n\t\t\t\t\t\t\t<\/div>\n\t\t<\/section>\n\t\t\t\t<section class=\"elementor-section elementor-top-section elementor-element elementor-element-b306caf elementor-section-boxed elementor-section-height-default elementor-section-height-default\" data-id=\"b306caf\" data-element_type=\"section\">\n\t\t\t\t\t\t<div class=\"elementor-container elementor-column-gap-default\">\n\t\t\t\t\t<div class=\"elementor-column elementor-col-100 elementor-top-column elementor-element elementor-element-e54f80d\" data-id=\"e54f80d\" data-element_type=\"column\">\n\t\t\t<div class=\"elementor-widget-wrap elementor-element-populated\">\n\t\t\t\t\t\t\t\t<div class=\"elementor-element elementor-element-b1405e9 elementor-widget elementor-widget-text-editor\" data-id=\"b1405e9\" data-element_type=\"widget\" data-widget_type=\"text-editor.default\">\n\t\t\t\t<div class=\"elementor-widget-container\">\n\t\t\t<style>\/*! elementor - v3.11.0 - 13-02-2023 *\/\n.elementor-widget-text-editor.elementor-drop-cap-view-stacked .elementor-drop-cap{background-color:#818a91;color:#fff}.elementor-widget-text-editor.elementor-drop-cap-view-framed .elementor-drop-cap{color:#818a91;border:3px solid;background-color:transparent}.elementor-widget-text-editor:not(.elementor-drop-cap-view-default) .elementor-drop-cap{margin-top:8px}.elementor-widget-text-editor:not(.elementor-drop-cap-view-default) .elementor-drop-cap-letter{width:1em;height:1em}.elementor-widget-text-editor .elementor-drop-cap{float:left;text-align:center;line-height:1;font-size:50px}.elementor-widget-text-editor .elementor-drop-cap-letter{display:inline-block}<\/style>\t\t\t\t<p><span style=\"font-family: var( --e-global-typography-text-font-family ), Sans-serif; font-weight: var( --e-global-typography-text-font-weight );\">Der Musikzug Klein F\u00f6rste wurde im Jahr 1926 gegr\u00fcndet. Am 3. Januar fanden sich durch die Initiative von Konrad Dierks 10 M\u00e4nner zu der Gr\u00fcndungsversammlung zusammen. Nachdem unter gro\u00dfen Schwierigkeiten Instrumente besorgt werden konnten, traf man sich unter Leitung von Heinrich Kappe zu ersten \u00dcbungsstunden.<\/span><\/p><p>Nach den Wirren der Kriegsjahre wurde mit der Wahl von Heinrich Elixmann zum 1. Vorsitzenden im Jahr 1957 f\u00fcr den Musikzug ein Neuanfang gestartet.<\/p><p>Im ersten Konzert des Musikzuges im Jahr 1959, findet die rege Konzertt\u00e4tigkeit des Vereins seinen Ursprung. Heinrich Elixmann blickte aber schon damals \u00fcber die Dorfgrenzen hinaus. So war es der Musikzug Klein F\u00f6rste, der als erste Musikformation aus Niedersachsen 1963 unter seiner F\u00fchrung Mitglied im Deutschen Volksmusikerbund (Vor-Dachorganisation der heutigen Bundesvereinigung) wurde.\u00a0<\/p><p>Der Musikzug Klein F\u00f6rste blickt nunmehr auf eine 100-j\u00e4hrige Vereinsgeschichte zur\u00fcck. Wir f\u00fchlen uns auch heute noch den musikalischen Traditionen verpflichtet. Es werden im Jahresverlauf regelm\u00e4\u00dfig die traditionellen Veranstaltungen wie Sch\u00fctzenfeste, Umz\u00fcge, Gedenkveranstaltungen etc. umrahmt. Daneben f\u00fchren wir auch\u00a0 eigene Veranstaltungen durch, wie z.B. das traditionelle Maiwecken. Hier spielen wir ab 06.00 Uhr am 01. Mai in Klein F\u00f6rste vor fast jedem Haus \u201eDer Mai ist gekommen\u201c. Ein H\u00f6hepunkt f\u00fcr jeden Musiker \/ jede Musikerin sind unsere j\u00e4hrlichen Konzerte, die in den vergangenen Jahren im Dorfgemeinschaftshaus in Ahrbergen stattgefunden haben.<\/p><p>Trotz der langen Tradition ist es uns ein Anliegen, den Verein weiterzuentwickeln. Dementsprechend versuchen wir immer neue Veranstaltungsangebote zu machen, damit auch die Jugend f\u00fcr unser Hobby begeistert werden kann. Aus diesem Grund wird auch regelm\u00e4\u00dfig an unserem Programm gearbeitet und neue Musikst\u00fccke erg\u00e4nzen das Standardprogramm.<\/p><p>Solltest Du an weiteren Informationen interessiert sein, \u00fcbersenden wir gern ein Exemplar unserer Vereinschronik. Nimm Kontakt \u00fcber unser Kontaktformular auf oder sende eine Mail an <a href=\"mailto:mzkleinfoerste@t-online.de\">mzkleinfoerste@t-online.de<\/a><\/p>\t\t\t\t\t\t<\/div>\n\t\t\t\t<\/div>\n\t\t\t\t<div class=\"elementor-element elementor-element-d48aedd elementor-widget elementor-widget-image\" data-id=\"d48aedd\" data-element_type=\"widget\" data-widget_type=\"image.default\">\n\t\t\t\t<div class=\"elementor-widget-container\">\n\t\t\t<style>\/*! elementor - v3.11.0 - 13-02-2023 *\/\n.elementor-widget-image{text-align:center}.elementor-widget-image a{display:inline-block}.elementor-widget-image a img[src$=\".svg\"]{width:48px}.elementor-widget-image img{vertical-align:middle;display:inline-block}<\/style>\t\t\t\t\t\t\t\t\t\t\t\t<img decoding=\"async\" width=\"800\" height=\"526\" src=\"https:\/\/musikzug-kleinfoerste.de\/wp-content\/uploads\/2022\/11\/kapelle.jpg\" class=\"attachment-large size-large wp-image-600\" alt=\"\" loading=\"lazy\" srcset=\"https:\/\/musikzug-kleinfoerste.de\/wp-content\/uploads\/2022\/11\/kapelle.jpg 800w, https:\/\/musikzug-kleinfoerste.de\/wp-content\/uploads\/2022\/11\/kapelle-300x197.jpg 300w, https:\/\/musikzug-kleinfoerste.de\/wp-content\/uploads\/2022\/11\/kapelle-768x505.jpg 768w\" sizes=\"(max-width: 800px) 100vw, 800px\" \/>\t\t\t\t\t\t\t\t\t\t\t\t\t\t\t<\/div>\n\t\t\t\t<\/div>\n\t\t\t\t\t<\/div>\n\t\t<\/div>\n\t\t\t\t\t\t\t<\/div>\n\t\t<\/section>\n\t\t\t\t\t\t\t<\/div>\n\t\t","protected":false},"excerpt":{"rendered":"<p>Vereinsgeschichte Der Musikzug Klein F\u00f6rste wurde im Jahr 1926 gegr\u00fcndet. Am 3. Januar fanden sich durch die Initiative von Konrad Dierks 10 M\u00e4nner zu der Gr\u00fcndungsversammlung zusammen. Nachdem unter gro\u00dfen Schwierigkeiten Instrumente besorgt werden konnten, traf man sich unter Leitung von Heinrich Kappe zu ersten \u00dcbungsstunden. Nach den Wirren der [&hellip;]<\/p>\n","protected":false},"author":1,"featured_media":0,"parent":0,"menu_order":0,"comment_status":"closed","ping_status":"closed","template":"elementor_header_footer","meta":[],"_links":{"self":[{"href":"https:\/\/musikzug-kleinfoerste.de\/index.php?rest_route=\/wp\/v2\/pages\/400"}],"collection":[{"href":"https:\/\/musikzug-kleinfoerste.de\/index.php?rest_route=\/wp\/v2\/pages"}],"about":[{"href":"https:\/\/musikzug-kleinfoerste.de\/index.php?rest_route=\/wp\/v2\/types\/page"}],"author":[{"embeddable":true,"href":"https:\/\/musikzug-kleinfoerste.de\/index.php?rest_route=\/wp\/v2\/users\/1"}],"replies":[{"embeddable":true,"href":"https:\/\/musikzug-kleinfoerste.de\/index.php?rest_route=%2Fwp%2Fv2%2Fcomments&post=400"}],"version-history":[{"count":23,"href":"https:\/\/musikzug-kleinfoerste.de\/index.php?rest_route=\/wp\/v2\/pages\/400\/revisions"}],"predecessor-version":[{"id":1420,"href":"https:\/\/musikzug-kleinfoerste.de\/index.php?rest_route=\/wp\/v2\/pages\/400\/revisions\/1420"}],"wp:attachment":[{"href":"https:\/\/musikzug-kleinfoerste.de\/index.php?rest_route=%2Fwp%2Fv2%2Fmedia&parent=400"}],"curies":[{"name":"wp","href":"https:\/\/api.w.org\/{rel}","templated":true}]}}

<div data-elementor-type="wp-page" data-elementor-id="400" class="elementor elementor-400">
									<section class="elementor-section elementor-top-section elementor-element elementor-element-beec01f elementor-section-boxed elementor-section-height-default elementor-section-height-default" data-id="beec01f" data-element_type="section">
						<div class="elementor-container elementor-column-gap-default">
					<div class="elementor-column elementor-col-100 elementor-top-column elementor-element elementor-element-501a023" data-id="501a023" data-element_type="column">
			<div class="elementor-widget-wrap elementor-element-populated">
								<div class="elementor-element elementor-element-38331e2 elementor-widget elementor-widget-heading" data-id="38331e2" data-element_type="widget" data-widget_type="heading.default">
				<div class="elementor-widget-container">
			<style>/*! elementor - v3.11.0 - 13-02-2023 */
.elementor-heading-title{padding:0;margin:0;line-height:1}.elementor-widget-heading .elementor-heading-title[class*=elementor-size-]>a{color:inherit;font-size:inherit;line-height:inherit}.elementor-widget-heading .elementor-heading-title.elementor-size-small{font-size:15px}.elementor-widget-heading .elementor-heading-title.elementor-size-medium{font-size:19px}.elementor-widget-heading .elementor-heading-title.elementor-size-large{font-size:29px}.elementor-widget-heading .elementor-heading-title.elementor-size-xl{font-size:39px}.elementor-widget-heading .elementor-heading-title.elementor-size-xxl{font-size:59px}</style><h1 class="elementor-heading-title elementor-size-default">Vereinsgeschichte</h1>		</div>
				</div>
					</div>
		</div>
							</div>
		</section>
				<section class="elementor-section elementor-top-section elementor-element elementor-element-b306caf elementor-section-boxed elementor-section-height-default elementor-section-height-default" data-id="b306caf" data-element_type="section">
						<div class="elementor-container elementor-column-gap-default">
					<div class="elementor-column elementor-col-100 elementor-top-column elementor-element elementor-element-e54f80d" data-id="e54f80d" data-element_type="column">
			<div class="elementor-widget-wrap elementor-element-populated">
								<div class="elementor-element elementor-element-b1405e9 elementor-widget elementor-widget-text-editor" data-id="b1405e9" data-element_type="widget" data-widget_type="text-editor.default">
				<div class="elementor-widget-container">
			<style>/*! elementor - v3.11.0 - 13-02-2023 */
.elementor-widget-text-editor.elementor-drop-cap-view-stacked .elementor-drop-cap{background-color:#818a91;color:#fff}.elementor-widget-text-editor.elementor-drop-cap-view-framed .elementor-drop-cap{color:#818a91;border:3px solid;background-color:transparent}.elementor-widget-text-editor:not(.elementor-drop-cap-view-default) .elementor-drop-cap{margin-top:8px}.elementor-widget-text-editor:not(.elementor-drop-cap-view-default) .elementor-drop-cap-letter{width:1em;height:1em}.elementor-widget-text-editor .elementor-drop-cap{float:left;text-align:center;line-height:1;font-size:50px}.elementor-widget-text-editor .elementor-drop-cap-letter{display:inline-block}</style>				<p><span style="font-family: var( --e-global-typography-text-font-family ), Sans-serif; font-weight: var( --e-global-typography-text-font-weight );">Der Musikzug Klein Förste wurde im Jahr 1926 gegründet. Am 3. Januar fanden sich durch die Initiative von Konrad Dierks 10 Männer zu der Gründungsversammlung zusammen. Nachdem unter großen Schwierigkeiten Instrumente besorgt werden konnten, traf man sich unter Leitung von Heinrich Kappe zu ersten Übungsstunden.</span></p><p>Nach den Wirren der Kriegsjahre wurde mit der Wahl von Heinrich Elixmann zum 1. Vorsitzenden im Jahr 1957 für den Musikzug ein Neuanfang gestartet.</p><p>Im ersten Konzert des Musikzuges im Jahr 1959, findet die rege Konzerttätigkeit des Vereins seinen Ursprung. Heinrich Elixmann blickte aber schon damals über die Dorfgrenzen hinaus. So war es der Musikzug Klein Förste, der als erste Musikformation aus Niedersachsen 1963 unter seiner Führung Mitglied im Deutschen Volksmusikerbund (Vor-Dachorganisation der heutigen Bundesvereinigung) wurde. </p><p>Der Musikzug Klein Förste blickt nunmehr auf eine 100-jährige Vereinsgeschichte zurück. Wir fühlen uns auch heute noch den musikalischen Traditionen verpflichtet. Es werden im Jahresverlauf regelmäßig die traditionellen Veranstaltungen wie Schützenfeste, Umzüge, Gedenkveranstaltungen etc. umrahmt. Daneben führen wir auch  eigene Veranstaltungen durch, wie z.B. das traditionelle Maiwecken. Hier spielen wir ab 06.00 Uhr am 01. Mai in Klein Förste vor fast jedem Haus „Der Mai ist gekommen“. Ein Höhepunkt für jeden Musiker / jede Musikerin sind unsere jährlichen Konzerte, die in den vergangenen Jahren im Dorfgemeinschaftshaus in Ahrbergen stattgefunden haben.</p><p>Trotz der langen Tradition ist es uns ein Anliegen, den Verein weiterzuentwickeln. Dementsprechend versuchen wir immer neue Veranstaltungsangebote zu machen, damit auch die Jugend für unser Hobby begeistert werden kann. Aus diesem Grund wird auch regelmäßig an unserem Programm gearbeitet und neue Musikstücke ergänzen das Standardprogramm.</p><p>Solltest Du an weiteren Informationen interessiert sein, übersenden wir gern ein Exemplar unserer Vereinschronik. Nimm Kontakt über unser Kontaktformular auf oder sende eine Mail an <a href="mailto:mzkleinfoerste@t-online.de">mzkleinfoerste@t-online.de</a></p>						</div>
				</div>
				<div class="elementor-element elementor-element-d48aedd elementor-widget elementor-widget-image" data-id="d48aedd" data-element_type="widget" data-widget_type="image.default">
				<div class="elementor-widget-container">
			<style>/*! elementor - v3.11.0 - 13-02-2023 */
.elementor-widget-image{text-align:center}.elementor-widget-image a{display:inline-block}.elementor-widget-image a img[src$=".svg"]{width:48px}.elementor-widget-image img{vertical-align:middle;display:inline-block}</style>												<img decoding="async" width="800" height="526" src="https://musikzug-kleinfoerste.de/wp-content/uploads/2022/11/kapelle.jpg" class="attachment-large size-large wp-image-600" alt="" loading="lazy" srcset="https://musikzug-kleinfoerste.de/wp-content/uploads/2022/11/kapelle.jpg 800w, https://musikzug-kleinfoerste.de/wp-content/uploads/2022/11/kapelle-300x197.jpg 300w, https://musikzug-kleinfoerste.de/wp-content/uploads/2022/11/kapelle-768x505.jpg 768w" sizes="(max-width: 800px) 100vw, 800px" />															</div>
				</div>
					</div>
		</div>
							</div>
		</section>
							</div>

<p>Vereinsgeschichte Der Musikzug Klein Förste wurde im Jahr 1926 gegründet. Am 3. Januar fanden sich durch die Initiative von Konrad Dierks 10 Männer zu der Gründungsversammlung zusammen. Nachdem unter großen Schwierigkeiten Instrumente besorgt werden konnten, traf man sich unter Leitung von Heinrich Kappe zu ersten Übungsstunden. Nach den Wirren der [&hellip;]</p>
