{"id":42,"date":"2022-08-30T14:29:00","date_gmt":"2022-08-30T14:29:00","guid":{"rendered":"https:\/\/musikzug-kleinfoerste.de\/?page_id=42"},"modified":"2025-10-27T20:13:18","modified_gmt":"2025-10-27T20:13:18","slug":"extreme-sports-home","status":"publish","type":"page","link":"https:\/\/musikzug-kleinfoerste.de\/","title":{"rendered":"Startseite &#8211; Musikzug Klein F\u00f6rste"},"content":{"rendered":"\t\t<div data-elementor-type=\"wp-page\" data-elementor-id=\"42\" class=\"elementor elementor-42\">\n\t\t\t\t\t\t\t\t\t<section class=\"elementor-section elementor-top-section elementor-element elementor-element-9b57576 elementor-section-full_width elementor-section-height-default elementor-section-height-default\" data-id=\"9b57576\" data-element_type=\"section\" data-settings=\"{&quot;background_background&quot;:&quot;classic&quot;}\">\n\t\t\t\t\t\t<div class=\"elementor-container elementor-column-gap-default\">\n\t\t\t\t\t<div class=\"elementor-column elementor-col-100 elementor-top-column elementor-element elementor-element-1e8e9c1\" data-id=\"1e8e9c1\" data-element_type=\"column\" data-settings=\"{&quot;background_background&quot;:&quot;classic&quot;}\">\n\t\t\t<div class=\"elementor-widget-wrap elementor-element-populated\">\n\t\t\t\t\t\t\t\t<div class=\"elementor-element elementor-element-adcad0b elementor-widget elementor-widget-html\" data-id=\"adcad0b\" data-element_type=\"widget\" data-widget_type=\"html.default\">\n\t\t\t\t<div class=\"elementor-widget-container\">\n\t\t\t<div id=\"metaslider-id-968\" style=\"width: 100%; margin: 0 auto;\" class=\"ml-slider-3-31-0 metaslider metaslider-flex metaslider-968 ml-slider ms-theme-default\">\n    <div id=\"metaslider_container_968\">\n        <div id=\"metaslider_968\">\n            <ul aria-live=\"polite\" class=\"slides\">\n                <li style=\"display: block; width: 100%;\" class=\"slide-969 ms-image\"><a href=\"https:\/\/musikzug-kleinfoerste.de\/?page_id=439\" target=\"_self\"><img src=\"https:\/\/musikzug-kleinfoerste.de\/wp-content\/uploads\/2022\/11\/PSX_20221110_222309-rotated-700x300.jpg\" height=\"300\" width=\"700\" alt=\"\" class=\"slider-968 slide-969\" title=\"OLYMPUS DIGITAL CAMERA\" \/><\/a><div class=\"caption-wrap\"><div class=\"caption\">Traditionelle Blasmusik seit 1926<\/div><\/div><\/li>\n                <li style=\"display: none; width: 100%;\" class=\"slide-970 ms-image\"><a href=\"https:\/\/musikzug-kleinfoerste.de\/?page_id=420\" target=\"_self\"><img src=\"https:\/\/musikzug-kleinfoerste.de\/wp-content\/uploads\/2022\/11\/PSX_20221110_223017_2-700x300.jpg\" height=\"300\" width=\"700\" alt=\"\" class=\"slider-968 slide-970\" title=\"OLYMPUS DIGITAL CAMERA\" \/><\/a><div class=\"caption-wrap\"><div class=\"caption\">Mitmachen im Orchester<br \/><small>Neu \u2013 und Wiedereinsteiger gesucht<\/small><\/div><\/div><\/li>\n                <li style=\"display: none; width: 100%;\" class=\"slide-971 ms-image\"><a href=\"https:\/\/musikzug-kleinfoerste.de\/?page_id=210\" target=\"_self\"><img src=\"https:\/\/musikzug-kleinfoerste.de\/wp-content\/uploads\/2022\/11\/PSX_20221110_222503-700x300.jpg\" height=\"300\" width=\"700\" alt=\"\" class=\"slider-968 slide-971\" title=\"OLYMPUS DIGITAL CAMERA\" \/><\/a><div class=\"caption-wrap\"><div class=\"caption\">Die junge Welt der Musik<br \/><small>Musikalische Ausbildung im Musikzug<\/small><\/div><\/div><\/li>\n                <li style=\"display: none; width: 100%;\" class=\"slide-972 ms-image\"><a href=\"https:\/\/musikzug-kleinfoerste.de\/?page_id=417\" target=\"_self\"><img src=\"https:\/\/musikzug-kleinfoerste.de\/wp-content\/uploads\/2022\/11\/PSX_20221110_223655-700x300.jpg\" height=\"300\" width=\"700\" alt=\"\" class=\"slider-968 slide-972\" title=\"OLYMPUS DIGITAL CAMERA\" \/><\/a><div class=\"caption-wrap\"><div class=\"caption\">Blasmusik erleben<br \/><small>Termine und Veranstaltungen<\/small><\/div><\/div><\/li>\n            <\/ul>\n        <\/div>\n        \n    <\/div>\n<\/div>\t\t<\/div>\n\t\t\t\t<\/div>\n\t\t\t\t\t<\/div>\n\t\t<\/div>\n\t\t\t\t\t\t\t<\/div>\n\t\t<\/section>\n\t\t\t\t<section class=\"elementor-section elementor-top-section elementor-element elementor-element-f34f396 elementor-section-boxed elementor-section-height-default elementor-section-height-default\" data-id=\"f34f396\" data-element_type=\"section\">\n\t\t\t\t\t\t<div class=\"elementor-container elementor-column-gap-default\">\n\t\t\t\t\t<div class=\"elementor-column elementor-col-33 elementor-top-column elementor-element elementor-element-6925437\" data-id=\"6925437\" data-element_type=\"column\">\n\t\t\t<div class=\"elementor-widget-wrap\">\n\t\t\t\t\t\t\t\t\t<\/div>\n\t\t<\/div>\n\t\t\t\t<div class=\"elementor-column elementor-col-66 elementor-top-column elementor-element elementor-element-efcd0e2\" data-id=\"efcd0e2\" data-element_type=\"column\">\n\t\t\t<div class=\"elementor-widget-wrap\">\n\t\t\t\t\t\t\t\t\t<\/div>\n\t\t<\/div>\n\t\t\t\t\t\t\t<\/div>\n\t\t<\/section>\n\t\t\t\t<section class=\"elementor-section elementor-top-section elementor-element elementor-element-7cbb9a6 elementor-section-boxed elementor-section-height-default elementor-section-height-default\" data-id=\"7cbb9a6\" data-element_type=\"section\">\n\t\t\t\t\t\t<div class=\"elementor-container elementor-column-gap-default\">\n\t\t\t\t\t<div class=\"elementor-column elementor-col-50 elementor-top-column elementor-element elementor-element-e2f21f1\" data-id=\"e2f21f1\" data-element_type=\"column\">\n\t\t\t<div class=\"elementor-widget-wrap elementor-element-populated\">\n\t\t\t\t\t\t\t\t<div class=\"elementor-element elementor-element-316d2a2 elementor-widget elementor-widget-image\" data-id=\"316d2a2\" data-element_type=\"widget\" data-widget_type=\"image.default\">\n\t\t\t\t<div class=\"elementor-widget-container\">\n\t\t\t<style>\/*! elementor - v3.11.0 - 13-02-2023 *\/\n.elementor-widget-image{text-align:center}.elementor-widget-image a{display:inline-block}.elementor-widget-image a img[src$=\".svg\"]{width:48px}.elementor-widget-image img{vertical-align:middle;display:inline-block}<\/style>\t\t\t\t\t\t\t\t\t\t\t\t<img decoding=\"async\" width=\"726\" height=\"1024\" src=\"https:\/\/musikzug-kleinfoerste.de\/wp-content\/uploads\/2025\/10\/MZ-Klein-Foerste-148-\u00d7-105-mm2-726x1024.jpg\" class=\"attachment-large size-large wp-image-1429\" alt=\"\" loading=\"lazy\" srcset=\"https:\/\/musikzug-kleinfoerste.de\/wp-content\/uploads\/2025\/10\/MZ-Klein-Foerste-148-\u00d7-105-mm2-726x1024.jpg 726w, https:\/\/musikzug-kleinfoerste.de\/wp-content\/uploads\/2025\/10\/MZ-Klein-Foerste-148-\u00d7-105-mm2-213x300.jpg 213w, https:\/\/musikzug-kleinfoerste.de\/wp-content\/uploads\/2025\/10\/MZ-Klein-Foerste-148-\u00d7-105-mm2-768x1083.jpg 768w, https:\/\/musikzug-kleinfoerste.de\/wp-content\/uploads\/2025\/10\/MZ-Klein-Foerste-148-\u00d7-105-mm2-1090x1536.jpg 1090w, https:\/\/musikzug-kleinfoerste.de\/wp-content\/uploads\/2025\/10\/MZ-Klein-Foerste-148-\u00d7-105-mm2.jpg 1240w\" sizes=\"(max-width: 726px) 100vw, 726px\" \/>\t\t\t\t\t\t\t\t\t\t\t\t\t\t\t<\/div>\n\t\t\t\t<\/div>\n\t\t\t\t\t<\/div>\n\t\t<\/div>\n\t\t\t\t<div class=\"elementor-column elementor-col-50 elementor-top-column elementor-element elementor-element-ea149ef\" data-id=\"ea149ef\" data-element_type=\"column\">\n\t\t\t<div class=\"elementor-widget-wrap elementor-element-populated\">\n\t\t\t\t\t\t\t\t<div class=\"elementor-element elementor-element-eaa60cd elementor-widget elementor-widget-heading\" data-id=\"eaa60cd\" data-element_type=\"widget\" data-widget_type=\"heading.default\">\n\t\t\t\t<div class=\"elementor-widget-container\">\n\t\t\t<style>\/*! elementor - v3.11.0 - 13-02-2023 *\/\n.elementor-heading-title{padding:0;margin:0;line-height:1}.elementor-widget-heading .elementor-heading-title[class*=elementor-size-]>a{color:inherit;font-size:inherit;line-height:inherit}.elementor-widget-heading .elementor-heading-title.elementor-size-small{font-size:15px}.elementor-widget-heading .elementor-heading-title.elementor-size-medium{font-size:19px}.elementor-widget-heading .elementor-heading-title.elementor-size-large{font-size:29px}.elementor-widget-heading .elementor-heading-title.elementor-size-xl{font-size:39px}.elementor-widget-heading .elementor-heading-title.elementor-size-xxl{font-size:59px}<\/style><h2 class=\"elementor-heading-title elementor-size-default\">100 Jahre Musikzug Klein F\u00f6rste<\/h2>\t\t<\/div>\n\t\t\t\t<\/div>\n\t\t\t\t<div class=\"elementor-element elementor-element-d2aaf2a elementor-widget elementor-widget-text-editor\" data-id=\"d2aaf2a\" data-element_type=\"widget\" data-widget_type=\"text-editor.default\">\n\t\t\t\t<div class=\"elementor-widget-container\">\n\t\t\t<style>\/*! elementor - v3.11.0 - 13-02-2023 *\/\n.elementor-widget-text-editor.elementor-drop-cap-view-stacked .elementor-drop-cap{background-color:#818a91;color:#fff}.elementor-widget-text-editor.elementor-drop-cap-view-framed .elementor-drop-cap{color:#818a91;border:3px solid;background-color:transparent}.elementor-widget-text-editor:not(.elementor-drop-cap-view-default) .elementor-drop-cap{margin-top:8px}.elementor-widget-text-editor:not(.elementor-drop-cap-view-default) .elementor-drop-cap-letter{width:1em;height:1em}.elementor-widget-text-editor .elementor-drop-cap{float:left;text-align:center;line-height:1;font-size:50px}.elementor-widget-text-editor .elementor-drop-cap-letter{display:inline-block}<\/style>\t\t\t\t<p>Ein Jahrhundert Musik \u2013 100 Jahre voller Kl\u00e4nge, die verbinden, voller Menschen, die mit Herzblut musizieren, und voller Geschichten, die weit \u00fcber Noten und Melodien hinausreichen.<\/p><p>Was im Jahr 1926 mit einer Idee, einer Vision und dem Mut einer kleinen Gruppe musikbegeisterter M\u00e4nner begann, hat sich zu einem festen Bestandteil des kulturellen Lebens weit \u00fcber die Ortsgrenzen von Klein F\u00f6rste hinaus entwickelt. \u00dcber Generationen hinweg hat unser Musikverein Feste begleitet, Traditionen gepflegt, Freundschaften geschaffen und Menschen durch Musik zusammengef\u00fchrt.<\/p><p>Wir starten am 03.Januar 2026 mit unserem Neujahrskonzert im DGH Ahrbergen in unser Jubil\u00e4umsjahr. \u00dcber das Jahr verteilt werden wir viele sch\u00f6ne musikalische Events anbieten, beispielsweise auch ein Benefizkonzert in der Sankt Pankratiuskirche in Gro\u00df F\u00f6rste im M\u00e4rz oder eine Jubil\u00e4ums-Soiree im Juni mit Gro\u00dfem Zapfenstreich. Lasst euch von uns \u00fcberraschen!<\/p><p>100 Jahre \u2013 das ist ein Grund zum Feiern, zum Danken und zum Stolz sein. Auf die Geschichte. Auf die Zukunft. Und vor allem: auf uns.<\/p><p>\u00a0<\/p><p>\u00a0<\/p>\t\t\t\t\t\t<\/div>\n\t\t\t\t<\/div>\n\t\t\t\t\t<\/div>\n\t\t<\/div>\n\t\t\t\t\t\t\t<\/div>\n\t\t<\/section>\n\t\t\t\t<section class=\"elementor-section elementor-top-section elementor-element elementor-element-912531b elementor-section-boxed elementor-section-height-default elementor-section-height-default\" data-id=\"912531b\" data-element_type=\"section\" data-settings=\"{&quot;background_background&quot;:&quot;classic&quot;}\">\n\t\t\t\t\t\t<div class=\"elementor-container elementor-column-gap-default\">\n\t\t\t\t\t<div class=\"elementor-column elementor-col-100 elementor-top-column elementor-element elementor-element-9d69796\" data-id=\"9d69796\" data-element_type=\"column\" data-settings=\"{&quot;background_background&quot;:&quot;classic&quot;}\">\n\t\t\t<div class=\"elementor-widget-wrap elementor-element-populated\">\n\t\t\t\t\t\t\t\t<div class=\"elementor-element elementor-element-24c54443 elementor-widget elementor-widget-heading\" data-id=\"24c54443\" data-element_type=\"widget\" data-widget_type=\"heading.default\">\n\t\t\t\t<div class=\"elementor-widget-container\">\n\t\t\t<h4 class=\"elementor-heading-title elementor-size-default\">Willkommen beim<\/h4>\t\t<\/div>\n\t\t\t\t<\/div>\n\t\t\t\t<div class=\"elementor-element elementor-element-2d6d5594 elementor-widget elementor-widget-heading\" data-id=\"2d6d5594\" data-element_type=\"widget\" data-widget_type=\"heading.default\">\n\t\t\t\t<div class=\"elementor-widget-container\">\n\t\t\t<h3 class=\"elementor-heading-title elementor-size-default\">Musikzug <\/h3>\t\t<\/div>\n\t\t\t\t<\/div>\n\t\t\t\t<div class=\"elementor-element elementor-element-2065806 elementor-widget elementor-widget-heading\" data-id=\"2065806\" data-element_type=\"widget\" data-widget_type=\"heading.default\">\n\t\t\t\t<div class=\"elementor-widget-container\">\n\t\t\t<h3 class=\"elementor-heading-title elementor-size-default\">Klein F\u00f6rste von 1926 e. V.<\/h3>\t\t<\/div>\n\t\t\t\t<\/div>\n\t\t\t\t<div class=\"elementor-element elementor-element-fcc0f21 elementor-widget elementor-widget-text-editor\" data-id=\"fcc0f21\" data-element_type=\"widget\" data-widget_type=\"text-editor.default\">\n\t\t\t\t<div class=\"elementor-widget-container\">\n\t\t\t\t\t\t\t<p>Unser Musikzug ist ein Blasorchester mit langer Tradition, immerhin schon im Jahr 1926 gegr\u00fcndet, und bleibt dieser auch treu. Deshalb helfen wir in den D\u00f6rfern und Gemeinden Traditionen zu pflegen. Kirchliche Feiern, Sch\u00fctzenumz\u00fcge, Feste und Veranstaltungen unserer Freiwilligen Feuerwehr und der \u00f6rtlichen Vereine unterst\u00fctzen wir gerne.<\/p><p>Die musikalischen Interessen des Musikzugs gehen allerdings weit dar\u00fcber hinaus. Unsere Jahreskonzerte sind H\u00f6hepunkte f\u00fcr unser Publikum und uns. Weitere Engagements f\u00fcr Platzkonzerte und \u00e4hnliche Musikveranstaltungen oder Feste kommen hinzu.<\/p><p>Auf den folgenden Seiten findest Du Informationen \u00fcber unseren Musikzug und die von uns durchgef\u00fchrte Kinder- und Jugendausbildung.<\/p><p>Vielleicht k\u00f6nnen wir Dich f\u00fcr uns begeistern, sodass wir Dich bald auf einem unserer Konzerte als Zuh\u00f6rer begr\u00fc\u00dfen d\u00fcrfen.<\/p><p>Oder noch besser \u2013 Du kommst vorbei und informierst Dich \u00fcber die M\u00f6glichkeiten, bei uns mitzumachen! Als Musiker \/ Musikerin, engagierte\/r Unterst\u00fctzer\/in bei unseren Auftritten oder als Nachwuchstalent beim Erlernen eines Instruments.<\/p><p>Das w\u00e4re doch was \u2026 Oder?<\/p><p>Vielen Dank f\u00fcr Dein Interesse und auf Wiederh\u00f6ren \u2026 sagt,<\/p><p>Dein Musikzug Klein F\u00f6rste<\/p>\t\t\t\t\t\t<\/div>\n\t\t\t\t<\/div>\n\t\t\t\t\t<\/div>\n\t\t<\/div>\n\t\t\t\t\t\t\t<\/div>\n\t\t<\/section>\n\t\t\t\t\t\t\t<\/div>\n\t\t","protected":false},"excerpt":{"rendered":"<p>100 Jahre Musikzug Klein F\u00f6rste Ein Jahrhundert Musik \u2013 100 Jahre voller Kl\u00e4nge, die verbinden, voller Menschen, die mit Herzblut musizieren, und voller Geschichten, die weit \u00fcber Noten und Melodien hinausreichen. Was im Jahr 1926 mit einer Idee, einer Vision und dem Mut einer kleinen Gruppe musikbegeisterter M\u00e4nner begann, hat [&hellip;]<\/p>\n","protected":false},"author":1,"featured_media":0,"parent":0,"menu_order":0,"comment_status":"closed","ping_status":"closed","template":"elementor_header_footer","meta":[],"_links":{"self":[{"href":"https:\/\/musikzug-kleinfoerste.de\/index.php?rest_route=\/wp\/v2\/pages\/42"}],"collection":[{"href":"https:\/\/musikzug-kleinfoerste.de\/index.php?rest_route=\/wp\/v2\/pages"}],"about":[{"href":"https:\/\/musikzug-kleinfoerste.de\/index.php?rest_route=\/wp\/v2\/types\/page"}],"author":[{"embeddable":true,"href":"https:\/\/musikzug-kleinfoerste.de\/index.php?rest_route=\/wp\/v2\/users\/1"}],"replies":[{"embeddable":true,"href":"https:\/\/musikzug-kleinfoerste.de\/index.php?rest_route=%2Fwp%2Fv2%2Fcomments&post=42"}],"version-history":[{"count":270,"href":"https:\/\/musikzug-kleinfoerste.de\/index.php?rest_route=\/wp\/v2\/pages\/42\/revisions"}],"predecessor-version":[{"id":1437,"href":"https:\/\/musikzug-kleinfoerste.de\/index.php?rest_route=\/wp\/v2\/pages\/42\/revisions\/1437"}],"wp:attachment":[{"href":"https:\/\/musikzug-kleinfoerste.de\/index.php?rest_route=%2Fwp%2Fv2%2Fmedia&parent=42"}],"curies":[{"name":"wp","href":"https:\/\/api.w.org\/{rel}","templated":true}]}}