{"id":439,"date":"2022-10-24T09:33:35","date_gmt":"2022-10-24T09:33:35","guid":{"rendered":"https:\/\/musikzug-kleinfoerste.de\/?page_id=439"},"modified":"2023-02-13T13:44:24","modified_gmt":"2023-02-13T13:44:24","slug":"mitmachen-musiker","status":"publish","type":"page","link":"https:\/\/musikzug-kleinfoerste.de\/?page_id=439","title":{"rendered":"Mitmachen &#8211;  Musiker"},"content":{"rendered":"\t\t<div data-elementor-type=\"wp-page\" data-elementor-id=\"439\" class=\"elementor elementor-439\">\n\t\t\t\t\t\t\t\t\t<section class=\"elementor-section elementor-top-section elementor-element elementor-element-4977b54 elementor-section-boxed elementor-section-height-default elementor-section-height-default\" data-id=\"4977b54\" data-element_type=\"section\">\n\t\t\t\t\t\t<div class=\"elementor-container elementor-column-gap-default\">\n\t\t\t\t\t<div class=\"elementor-column elementor-col-100 elementor-top-column elementor-element elementor-element-346c312\" data-id=\"346c312\" data-element_type=\"column\">\n\t\t\t<div class=\"elementor-widget-wrap elementor-element-populated\">\n\t\t\t\t\t\t\t\t<div class=\"elementor-element elementor-element-38675e3 elementor-widget elementor-widget-heading\" data-id=\"38675e3\" data-element_type=\"widget\" data-widget_type=\"heading.default\">\n\t\t\t\t<div class=\"elementor-widget-container\">\n\t\t\t<style>\/*! elementor - v3.11.0 - 13-02-2023 *\/\n.elementor-heading-title{padding:0;margin:0;line-height:1}.elementor-widget-heading .elementor-heading-title[class*=elementor-size-]>a{color:inherit;font-size:inherit;line-height:inherit}.elementor-widget-heading .elementor-heading-title.elementor-size-small{font-size:15px}.elementor-widget-heading .elementor-heading-title.elementor-size-medium{font-size:19px}.elementor-widget-heading .elementor-heading-title.elementor-size-large{font-size:29px}.elementor-widget-heading .elementor-heading-title.elementor-size-xl{font-size:39px}.elementor-widget-heading .elementor-heading-title.elementor-size-xxl{font-size:59px}<\/style><h2 class=\"elementor-heading-title elementor-size-default\">Unser Orchester \u2013 Mach mit!<\/h2>\t\t<\/div>\n\t\t\t\t<\/div>\n\t\t\t\t<div class=\"elementor-element elementor-element-3d7de67 elementor-widget elementor-widget-image\" data-id=\"3d7de67\" data-element_type=\"widget\" data-widget_type=\"image.default\">\n\t\t\t\t<div class=\"elementor-widget-container\">\n\t\t\t<style>\/*! elementor - v3.11.0 - 13-02-2023 *\/\n.elementor-widget-image{text-align:center}.elementor-widget-image a{display:inline-block}.elementor-widget-image a img[src$=\".svg\"]{width:48px}.elementor-widget-image img{vertical-align:middle;display:inline-block}<\/style>\t\t\t\t\t\t\t\t\t\t\t\t<img decoding=\"async\" width=\"1024\" height=\"683\" src=\"https:\/\/musikzug-kleinfoerste.de\/wp-content\/uploads\/2023\/02\/GruppenbildE2_1920-1024x683.jpg\" class=\"attachment-large size-large wp-image-895\" alt=\"\" loading=\"lazy\" srcset=\"https:\/\/musikzug-kleinfoerste.de\/wp-content\/uploads\/2023\/02\/GruppenbildE2_1920-1024x683.jpg 1024w, https:\/\/musikzug-kleinfoerste.de\/wp-content\/uploads\/2023\/02\/GruppenbildE2_1920-300x200.jpg 300w, https:\/\/musikzug-kleinfoerste.de\/wp-content\/uploads\/2023\/02\/GruppenbildE2_1920-768x512.jpg 768w, https:\/\/musikzug-kleinfoerste.de\/wp-content\/uploads\/2023\/02\/GruppenbildE2_1920-1536x1024.jpg 1536w, https:\/\/musikzug-kleinfoerste.de\/wp-content\/uploads\/2023\/02\/GruppenbildE2_1920.jpg 1920w\" sizes=\"(max-width: 1024px) 100vw, 1024px\" \/>\t\t\t\t\t\t\t\t\t\t\t\t\t\t\t<\/div>\n\t\t\t\t<\/div>\n\t\t\t\t<div class=\"elementor-element elementor-element-6bf964e elementor-widget elementor-widget-text-editor\" data-id=\"6bf964e\" data-element_type=\"widget\" data-widget_type=\"text-editor.default\">\n\t\t\t\t<div class=\"elementor-widget-container\">\n\t\t\t<style>\/*! elementor - v3.11.0 - 13-02-2023 *\/\n.elementor-widget-text-editor.elementor-drop-cap-view-stacked .elementor-drop-cap{background-color:#818a91;color:#fff}.elementor-widget-text-editor.elementor-drop-cap-view-framed .elementor-drop-cap{color:#818a91;border:3px solid;background-color:transparent}.elementor-widget-text-editor:not(.elementor-drop-cap-view-default) .elementor-drop-cap{margin-top:8px}.elementor-widget-text-editor:not(.elementor-drop-cap-view-default) .elementor-drop-cap-letter{width:1em;height:1em}.elementor-widget-text-editor .elementor-drop-cap{float:left;text-align:center;line-height:1;font-size:50px}.elementor-widget-text-editor .elementor-drop-cap-letter{display:inline-block}<\/style>\t\t\t\t<p>Unser Verein ist ein kleines, aber feines Blasorchester von derzeit 30 Musikern.<\/p>\t\t\t\t\t\t<\/div>\n\t\t\t\t<\/div>\n\t\t\t\t<div class=\"elementor-element elementor-element-1eac7d8 elementor-widget elementor-widget-text-editor\" data-id=\"1eac7d8\" data-element_type=\"widget\" data-widget_type=\"text-editor.default\">\n\t\t\t\t<div class=\"elementor-widget-container\">\n\t\t\t\t\t\t\t<ul><li>Du spielst bereits ein Instrument?<\/li><li>Du hast fr\u00fcher mal gespielt und lange pausiert, nun juckt`s dich aber wieder in den Fingern?<\/li><li>Du bist neu in der Gegend und suchst den Einstieg als Musiker in einem Orchester?<\/li><\/ul>\t\t\t\t\t\t<\/div>\n\t\t\t\t<\/div>\n\t\t\t\t<div class=\"elementor-element elementor-element-9186ff1 elementor-widget elementor-widget-text-editor\" data-id=\"9186ff1\" data-element_type=\"widget\" data-widget_type=\"text-editor.default\">\n\t\t\t\t<div class=\"elementor-widget-container\">\n\t\t\t\t\t\t\t<p>Der Musikzug Klein F\u00f6rste\u00a0bietet <strong>allen Musikern<\/strong> (Anf\u00e4ngern, Amateuren, Profis und Wiedereinsteigern) die Chance in einem Blasorchester mitzuwirken. Bei uns sind Musiker gesucht, die Lust auf <strong>gemeinsames Musizieren<\/strong> haben. Manchmal machen wir auch verr\u00fcckte andere Sachen wie Eisstockschie\u00dfen oder einen Feuerzangenbowlenabend! Probieren geht \u00fcber studieren! Ein Besuch kostet nichts und vor Ort gibt es dann alle weiteren Infos aus erster Hand. Melde dich gerne zu einer unverbindlichen <strong>Schnupper-Probe<\/strong> an!<\/p>\t\t\t\t\t\t<\/div>\n\t\t\t\t<\/div>\n\t\t\t\t<div class=\"elementor-element elementor-element-4604a77 elementor-widget elementor-widget-button\" data-id=\"4604a77\" data-element_type=\"widget\" data-widget_type=\"button.default\">\n\t\t\t\t<div class=\"elementor-widget-container\">\n\t\t\t\t\t<div class=\"elementor-button-wrapper\">\n\t\t\t<a href=\"https:\/\/musikzug-kleinfoerste.de\/?page_id=425\" class=\"elementor-button-link elementor-button elementor-size-sm\" role=\"button\">\n\t\t\t\t\t\t<span class=\"elementor-button-content-wrapper\">\n\t\t\t\t\t\t<span class=\"elementor-button-text\">Kontakt<\/span>\n\t\t<\/span>\n\t\t\t\t\t<\/a>\n\t\t<\/div>\n\t\t\t\t<\/div>\n\t\t\t\t<\/div>\n\t\t\t\t<div class=\"elementor-element elementor-element-3d563ef elementor-widget elementor-widget-text-editor\" data-id=\"3d563ef\" data-element_type=\"widget\" data-widget_type=\"text-editor.default\">\n\t\t\t\t<div class=\"elementor-widget-container\">\n\t\t\t\t\t\t\t<p>Wir proben jeden Donnerstag um 19:15h (Dauer ca. 2 Stunden) in unserem Probenraum in Klein F\u00f6rste, Kastanienallee 12 (1. Etage des Feuerwehrger\u00e4tehauses).<\/p>\t\t\t\t\t\t<\/div>\n\t\t\t\t<\/div>\n\t\t\t\t<div class=\"elementor-element elementor-element-438dc91 elementor-widget elementor-widget-button\" data-id=\"438dc91\" data-element_type=\"widget\" data-widget_type=\"button.default\">\n\t\t\t\t<div class=\"elementor-widget-container\">\n\t\t\t\t\t<div class=\"elementor-button-wrapper\">\n\t\t\t<a href=\"https:\/\/www.google.com\/maps\/place\/Kastanienallee+12,+31177+Harsum\/@52.2129507,9.9273564,17z\/data=!3m1!4b1!4m5!3m4!1s0x47baa8a7a858d0f7:0xfc62b89122805960!8m2!3d52.2129507!4d9.9273564\" target=\"_blank\" class=\"elementor-button-link elementor-button elementor-size-sm\" role=\"button\">\n\t\t\t\t\t\t<span class=\"elementor-button-content-wrapper\">\n\t\t\t\t\t\t<span class=\"elementor-button-text\">Anfahrt<\/span>\n\t\t<\/span>\n\t\t\t\t\t<\/a>\n\t\t<\/div>\n\t\t\t\t<\/div>\n\t\t\t\t<\/div>\n\t\t\t\t<div class=\"elementor-element elementor-element-17d49a7 elementor-widget elementor-widget-text-editor\" data-id=\"17d49a7\" data-element_type=\"widget\" data-widget_type=\"text-editor.default\">\n\t\t\t\t<div class=\"elementor-widget-container\">\n\t\t\t\t\t\t\t<p>Wir freuen uns auf Dich !<\/p>\t\t\t\t\t\t<\/div>\n\t\t\t\t<\/div>\n\t\t\t\t<div class=\"elementor-element elementor-element-4479a5b elementor-widget elementor-widget-button\" data-id=\"4479a5b\" data-element_type=\"widget\" data-widget_type=\"button.default\">\n\t\t\t\t<div class=\"elementor-widget-container\">\n\t\t\t\t\t<div class=\"elementor-button-wrapper\">\n\t\t\t<a href=\"?page_id=703\" class=\"elementor-button-link elementor-button elementor-size-sm\" role=\"button\">\n\t\t\t\t\t\t<span class=\"elementor-button-content-wrapper\">\n\t\t\t\t\t\t<span class=\"elementor-button-text\">Mitgliedsantrag<\/span>\n\t\t<\/span>\n\t\t\t\t\t<\/a>\n\t\t<\/div>\n\t\t\t\t<\/div>\n\t\t\t\t<\/div>\n\t\t\t\t\t<\/div>\n\t\t<\/div>\n\t\t\t\t\t\t\t<\/div>\n\t\t<\/section>\n\t\t\t\t\t\t\t<\/div>\n\t\t","protected":false},"excerpt":{"rendered":"<p>Unser Orchester \u2013 Mach mit! Unser Verein ist ein kleines, aber feines Blasorchester von derzeit 30 Musikern. Du spielst bereits ein Instrument? Du hast fr\u00fcher mal gespielt und lange pausiert, nun juckt`s dich aber wieder in den Fingern? Du bist neu in der Gegend und suchst den Einstieg als Musiker [&hellip;]<\/p>\n","protected":false},"author":1,"featured_media":0,"parent":0,"menu_order":0,"comment_status":"closed","ping_status":"closed","template":"elementor_header_footer","meta":[],"_links":{"self":[{"href":"https:\/\/musikzug-kleinfoerste.de\/index.php?rest_route=\/wp\/v2\/pages\/439"}],"collection":[{"href":"https:\/\/musikzug-kleinfoerste.de\/index.php?rest_route=\/wp\/v2\/pages"}],"about":[{"href":"https:\/\/musikzug-kleinfoerste.de\/index.php?rest_route=\/wp\/v2\/types\/page"}],"author":[{"embeddable":true,"href":"https:\/\/musikzug-kleinfoerste.de\/index.php?rest_route=\/wp\/v2\/users\/1"}],"replies":[{"embeddable":true,"href":"https:\/\/musikzug-kleinfoerste.de\/index.php?rest_route=%2Fwp%2Fv2%2Fcomments&post=439"}],"version-history":[{"count":22,"href":"https:\/\/musikzug-kleinfoerste.de\/index.php?rest_route=\/wp\/v2\/pages\/439\/revisions"}],"predecessor-version":[{"id":898,"href":"https:\/\/musikzug-kleinfoerste.de\/index.php?rest_route=\/wp\/v2\/pages\/439\/revisions\/898"}],"wp:attachment":[{"href":"https:\/\/musikzug-kleinfoerste.de\/index.php?rest_route=%2Fwp%2Fv2%2Fmedia&parent=439"}],"curies":[{"name":"wp","href":"https:\/\/api.w.org\/{rel}","templated":true}]}}

<div data-elementor-type="wp-page" data-elementor-id="439" class="elementor elementor-439">
									<section class="elementor-section elementor-top-section elementor-element elementor-element-4977b54 elementor-section-boxed elementor-section-height-default elementor-section-height-default" data-id="4977b54" data-element_type="section">
						<div class="elementor-container elementor-column-gap-default">
					<div class="elementor-column elementor-col-100 elementor-top-column elementor-element elementor-element-346c312" data-id="346c312" data-element_type="column">
			<div class="elementor-widget-wrap elementor-element-populated">
								<div class="elementor-element elementor-element-38675e3 elementor-widget elementor-widget-heading" data-id="38675e3" data-element_type="widget" data-widget_type="heading.default">
				<div class="elementor-widget-container">
			<style>/*! elementor - v3.11.0 - 13-02-2023 */
.elementor-heading-title{padding:0;margin:0;line-height:1}.elementor-widget-heading .elementor-heading-title[class*=elementor-size-]>a{color:inherit;font-size:inherit;line-height:inherit}.elementor-widget-heading .elementor-heading-title.elementor-size-small{font-size:15px}.elementor-widget-heading .elementor-heading-title.elementor-size-medium{font-size:19px}.elementor-widget-heading .elementor-heading-title.elementor-size-large{font-size:29px}.elementor-widget-heading .elementor-heading-title.elementor-size-xl{font-size:39px}.elementor-widget-heading .elementor-heading-title.elementor-size-xxl{font-size:59px}</style><h2 class="elementor-heading-title elementor-size-default">Unser Orchester – Mach mit!</h2>		</div>
				</div>
				<div class="elementor-element elementor-element-3d7de67 elementor-widget elementor-widget-image" data-id="3d7de67" data-element_type="widget" data-widget_type="image.default">
				<div class="elementor-widget-container">
			<style>/*! elementor - v3.11.0 - 13-02-2023 */
.elementor-widget-image{text-align:center}.elementor-widget-image a{display:inline-block}.elementor-widget-image a img[src$=".svg"]{width:48px}.elementor-widget-image img{vertical-align:middle;display:inline-block}</style>												<img decoding="async" width="1024" height="683" src="https://musikzug-kleinfoerste.de/wp-content/uploads/2023/02/GruppenbildE2_1920-1024x683.jpg" class="attachment-large size-large wp-image-895" alt="" loading="lazy" srcset="https://musikzug-kleinfoerste.de/wp-content/uploads/2023/02/GruppenbildE2_1920-1024x683.jpg 1024w, https://musikzug-kleinfoerste.de/wp-content/uploads/2023/02/GruppenbildE2_1920-300x200.jpg 300w, https://musikzug-kleinfoerste.de/wp-content/uploads/2023/02/GruppenbildE2_1920-768x512.jpg 768w, https://musikzug-kleinfoerste.de/wp-content/uploads/2023/02/GruppenbildE2_1920-1536x1024.jpg 1536w, https://musikzug-kleinfoerste.de/wp-content/uploads/2023/02/GruppenbildE2_1920.jpg 1920w" sizes="(max-width: 1024px) 100vw, 1024px" />															</div>
				</div>
				<div class="elementor-element elementor-element-6bf964e elementor-widget elementor-widget-text-editor" data-id="6bf964e" data-element_type="widget" data-widget_type="text-editor.default">
				<div class="elementor-widget-container">
			<style>/*! elementor - v3.11.0 - 13-02-2023 */
.elementor-widget-text-editor.elementor-drop-cap-view-stacked .elementor-drop-cap{background-color:#818a91;color:#fff}.elementor-widget-text-editor.elementor-drop-cap-view-framed .elementor-drop-cap{color:#818a91;border:3px solid;background-color:transparent}.elementor-widget-text-editor:not(.elementor-drop-cap-view-default) .elementor-drop-cap{margin-top:8px}.elementor-widget-text-editor:not(.elementor-drop-cap-view-default) .elementor-drop-cap-letter{width:1em;height:1em}.elementor-widget-text-editor .elementor-drop-cap{float:left;text-align:center;line-height:1;font-size:50px}.elementor-widget-text-editor .elementor-drop-cap-letter{display:inline-block}</style>				<p>Unser Verein ist ein kleines, aber feines Blasorchester von derzeit 30 Musikern.</p>						</div>
				</div>
				<div class="elementor-element elementor-element-1eac7d8 elementor-widget elementor-widget-text-editor" data-id="1eac7d8" data-element_type="widget" data-widget_type="text-editor.default">
				<div class="elementor-widget-container">
							<ul><li>Du spielst bereits ein Instrument?</li><li>Du hast früher mal gespielt und lange pausiert, nun juckt`s dich aber wieder in den Fingern?</li><li>Du bist neu in der Gegend und suchst den Einstieg als Musiker in einem Orchester?</li></ul>						</div>
				</div>
				<div class="elementor-element elementor-element-9186ff1 elementor-widget elementor-widget-text-editor" data-id="9186ff1" data-element_type="widget" data-widget_type="text-editor.default">
				<div class="elementor-widget-container">
							<p>Der Musikzug Klein Förste bietet <strong>allen Musikern</strong> (Anfängern, Amateuren, Profis und Wiedereinsteigern) die Chance in einem Blasorchester mitzuwirken. Bei uns sind Musiker gesucht, die Lust auf <strong>gemeinsames Musizieren</strong> haben. Manchmal machen wir auch verrückte andere Sachen wie Eisstockschießen oder einen Feuerzangenbowlenabend! Probieren geht über studieren! Ein Besuch kostet nichts und vor Ort gibt es dann alle weiteren Infos aus erster Hand. Melde dich gerne zu einer unverbindlichen <strong>Schnupper-Probe</strong> an!</p>						</div>
				</div>
				<div class="elementor-element elementor-element-4604a77 elementor-widget elementor-widget-button" data-id="4604a77" data-element_type="widget" data-widget_type="button.default">
				<div class="elementor-widget-container">
					<div class="elementor-button-wrapper">
			<a href="https://musikzug-kleinfoerste.de/?page_id=425" class="elementor-button-link elementor-button elementor-size-sm" role="button">
						<span class="elementor-button-content-wrapper">
						<span class="elementor-button-text">Kontakt</span>
		</span>
					</a>
		</div>
				</div>
				</div>
				<div class="elementor-element elementor-element-3d563ef elementor-widget elementor-widget-text-editor" data-id="3d563ef" data-element_type="widget" data-widget_type="text-editor.default">
				<div class="elementor-widget-container">
							<p>Wir proben jeden Donnerstag um 19:15h (Dauer ca. 2 Stunden) in unserem Probenraum in Klein Förste, Kastanienallee 12 (1. Etage des Feuerwehrgerätehauses).</p>						</div>
				</div>
				<div class="elementor-element elementor-element-438dc91 elementor-widget elementor-widget-button" data-id="438dc91" data-element_type="widget" data-widget_type="button.default">
				<div class="elementor-widget-container">
					<div class="elementor-button-wrapper">
			<a href="https://www.google.com/maps/place/Kastanienallee+12,+31177+Harsum/@52.2129507,9.9273564,17z/data=!3m1!4b1!4m5!3m4!1s0x47baa8a7a858d0f7:0xfc62b89122805960!8m2!3d52.2129507!4d9.9273564" target="_blank" class="elementor-button-link elementor-button elementor-size-sm" role="button">
						<span class="elementor-button-content-wrapper">
						<span class="elementor-button-text">Anfahrt</span>
		</span>
					</a>
		</div>
				</div>
				</div>
				<div class="elementor-element elementor-element-17d49a7 elementor-widget elementor-widget-text-editor" data-id="17d49a7" data-element_type="widget" data-widget_type="text-editor.default">
				<div class="elementor-widget-container">
							<p>Wir freuen uns auf Dich !</p>						</div>
				</div>
				<div class="elementor-element elementor-element-4479a5b elementor-widget elementor-widget-button" data-id="4479a5b" data-element_type="widget" data-widget_type="button.default">
				<div class="elementor-widget-container">
					<div class="elementor-button-wrapper">
			<a href="?page_id=703" class="elementor-button-link elementor-button elementor-size-sm" role="button">
						<span class="elementor-button-content-wrapper">
						<span class="elementor-button-text">Mitgliedsantrag</span>
		</span>
					</a>
		</div>
				</div>
				</div>
					</div>
		</div>
							</div>
		</section>
							</div>

<p>Unser Orchester – Mach mit! Unser Verein ist ein kleines, aber feines Blasorchester von derzeit 30 Musikern. Du spielst bereits ein Instrument? Du hast früher mal gespielt und lange pausiert, nun juckt`s dich aber wieder in den Fingern? Du bist neu in der Gegend und suchst den Einstieg als Musiker [&hellip;]</p>
