{"id":749,"date":"2022-11-16T11:11:43","date_gmt":"2022-11-16T11:11:43","guid":{"rendered":"https:\/\/musikzug-kleinfoerste.de\/?page_id=749"},"modified":"2022-11-16T11:15:03","modified_gmt":"2022-11-16T11:15:03","slug":"impressum","status":"publish","type":"page","link":"https:\/\/musikzug-kleinfoerste.de\/?page_id=749","title":{"rendered":"Impressum"},"content":{"rendered":"\t\t<div data-elementor-type=\"wp-page\" data-elementor-id=\"749\" class=\"elementor elementor-749\">\n\t\t\t\t\t\t\t\t\t<section class=\"elementor-section elementor-top-section elementor-element elementor-element-b4d844d elementor-section-boxed elementor-section-height-default elementor-section-height-default\" data-id=\"b4d844d\" data-element_type=\"section\">\n\t\t\t\t\t\t<div class=\"elementor-container elementor-column-gap-default\">\n\t\t\t\t\t<div class=\"elementor-column elementor-col-100 elementor-top-column elementor-element elementor-element-abbcbe6\" data-id=\"abbcbe6\" data-element_type=\"column\">\n\t\t\t<div class=\"elementor-widget-wrap elementor-element-populated\">\n\t\t\t\t\t\t\t\t<div class=\"elementor-element elementor-element-715eed9 elementor-widget elementor-widget-heading\" data-id=\"715eed9\" data-element_type=\"widget\" data-widget_type=\"heading.default\">\n\t\t\t\t<div class=\"elementor-widget-container\">\n\t\t\t<style>\/*! elementor - v3.11.0 - 13-02-2023 *\/\n.elementor-heading-title{padding:0;margin:0;line-height:1}.elementor-widget-heading .elementor-heading-title[class*=elementor-size-]>a{color:inherit;font-size:inherit;line-height:inherit}.elementor-widget-heading .elementor-heading-title.elementor-size-small{font-size:15px}.elementor-widget-heading .elementor-heading-title.elementor-size-medium{font-size:19px}.elementor-widget-heading .elementor-heading-title.elementor-size-large{font-size:29px}.elementor-widget-heading .elementor-heading-title.elementor-size-xl{font-size:39px}.elementor-widget-heading .elementor-heading-title.elementor-size-xxl{font-size:59px}<\/style><h2 class=\"elementor-heading-title elementor-size-default\">Impressum<\/h2>\t\t<\/div>\n\t\t\t\t<\/div>\n\t\t\t\t<div class=\"elementor-element elementor-element-8a0fd9f elementor-widget elementor-widget-text-editor\" data-id=\"8a0fd9f\" data-element_type=\"widget\" data-widget_type=\"text-editor.default\">\n\t\t\t\t<div class=\"elementor-widget-container\">\n\t\t\t<style>\/*! elementor - v3.11.0 - 13-02-2023 *\/\n.elementor-widget-text-editor.elementor-drop-cap-view-stacked .elementor-drop-cap{background-color:#818a91;color:#fff}.elementor-widget-text-editor.elementor-drop-cap-view-framed .elementor-drop-cap{color:#818a91;border:3px solid;background-color:transparent}.elementor-widget-text-editor:not(.elementor-drop-cap-view-default) .elementor-drop-cap{margin-top:8px}.elementor-widget-text-editor:not(.elementor-drop-cap-view-default) .elementor-drop-cap-letter{width:1em;height:1em}.elementor-widget-text-editor .elementor-drop-cap{float:left;text-align:center;line-height:1;font-size:50px}.elementor-widget-text-editor .elementor-drop-cap-letter{display:inline-block}<\/style>\t\t\t\t<p><b>Anbieter<\/b><\/p>\n<p>Musikzug Klein F\u00f6rste von 1926 e.V.<\/p>\n<p>Catherine Komes<\/p>\n<p>Dahlhof 15<\/p>\n<p>31180 Giesen<\/p>\n<p>E-Mail:&nbsp;<span><a href=\"mailto:mzkleinfoerste@t-online.de\">mzkleinfoerste@t-online.de<\/a><\/span><\/p>\n<p><\/p>\n<p><b>Gemeinschaftlich Vertretungsberechtigt<\/b><\/p>\n<p>Zur Vertretung des Vereins nach \u00a7 16 der Vereinssatzung sind jeweils zwei der nachstehenden Vorstandsmitglieder gemeinschaftlich berechtigt.<\/p>\n<p>Der gesch\u00e4ftsf\u00fchrende Vorstand bestehend aus:<\/p>\n<ul>&nbsp; &nbsp; &nbsp; Vorsitzender<\/ul>\n<ul>&nbsp; &nbsp; &nbsp; stellvertretender Vorsitzender<\/ul>\n<ul>&nbsp; &nbsp; &nbsp; Schriftf\u00fchrer<\/ul>\n<ul>&nbsp; &nbsp; &nbsp; Kassenwart<\/ul>\n<p><b>Vereinsregister<\/b><\/p>\n<p>Registergericht: Amtsgericht Hildesheim<br>Registernummer: VR 2116<\/p>\n<p><b>Kontoverbindung<\/b><\/p>\n<p>Kontonummer 20129400<br>Bankleitzahl 25193331<br>Volksbank Hildesheim-Lehrte-Pattensen<\/p>\n<p>IBAN&nbsp;DE65 2519 3331 0020 1294 00<br>BIC GENODEF1PAT<\/p>\n<p><b>Umsatzsteuer<\/b><\/p>\n<p>Umsatzsteueridentifikationsnummer: &#8211; nicht erteilt &#8211;<br>Steuernummer 30\/210\/42769<\/p>\n<p><b>Redaktionelle Anbieterkennzeichnung gem. \u00a7 6 des MDStV:<\/b><\/p>\n<p>Verantwortlich f\u00fcr die Inhalte der Webseite: Catherine Komes, erreichbar unter&nbsp;<span><a href=\"mailto:mzkleinfoerste@t-online.de\">mzkleinfoerste@t-online.de<\/a><\/span><\/p>\n<p><span style=\"font-weight: 700;\">Konzeption, Design, Hosting:<\/span><\/p><p>GRAFIT Digital Service<br>Sebastian Dr\u00f6ge<br>Bahnhofsallee 3<br>31840 Hessisch Oldendorf<br><br><a href=\"https:\/\/grafit-digital.de\" target=\"_blank\">www.grafit-digital.de<\/a><br><br><a href=\"mailto:info@grafit-digital.de\" target=\"_blank\" style=\"font-size: 13px;\">info@grafit-digital.de<\/a><\/p><p><b>Nutzungsbedingungen<\/b><\/p>\n<p>Die Website www.musikzug-kleinfoerste.de des Musikzuges Klein F\u00f6rste dient allgemeinen Informationszwecken. Ihr Inhalt ist unverbindlich. Wir sind bem\u00fcht, die Website aktuell zu halten. Wir \u00fcbernehmen aber in keinem Fall die Gew\u00e4hr f\u00fcr die Aktualit\u00e4t, Vollst\u00e4ndigkeit, Qualit\u00e4t oder Quelle sowie Richtigkeit der zur Verf\u00fcgung gestellten Informationen. Eine Haftung des Musikzuges Klein F\u00f6rste f\u00fcr Sch\u00e4den, die durch die Nutzung der angebotenen Information auf der Website verursacht werden, ist ausgeschlossen.<\/p>\n<p>Die Website enth\u00e4lt au\u00dferdem Verweise (Links) zu Servern anderer Organisationen. Der Musikzug klein F\u00f6rste \u00fcbernimmt keine Gew\u00e4hr oder Haftung f\u00fcr den Inhalt, die Vollst\u00e4ndigkeit, die Qualit\u00e4t, die Quelle oder die Aktualit\u00e4t der auf diesen Seiten dargebotenen Informationen.<\/p>\n<p>Der Musikzug Klein F\u00f6rste erkl\u00e4rt ausdr\u00fccklich, dass es keinen Einfluss auf die Gestaltung der Inhalte der gelinkten Seiten hat. Diese Erkl\u00e4rung gilt f\u00fcr alle auf dieser Homepage angezeigten Links.<\/p>\t\t\t\t\t\t<\/div>\n\t\t\t\t<\/div>\n\t\t\t\t\t<\/div>\n\t\t<\/div>\n\t\t\t\t\t\t\t<\/div>\n\t\t<\/section>\n\t\t\t\t\t\t\t<\/div>\n\t\t","protected":false},"excerpt":{"rendered":"<p>Impressum Anbieter Musikzug Klein F\u00f6rste von 1926 e.V. Catherine Komes Dahlhof 15 31180 Giesen E-Mail:&nbsp;mzkleinfoerste@t-online.de Gemeinschaftlich Vertretungsberechtigt Zur Vertretung des Vereins nach \u00a7 16 der Vereinssatzung sind jeweils zwei der nachstehenden Vorstandsmitglieder gemeinschaftlich berechtigt. Der gesch\u00e4ftsf\u00fchrende Vorstand bestehend aus: &nbsp; &nbsp; &nbsp; Vorsitzender &nbsp; &nbsp; &nbsp; stellvertretender Vorsitzender &nbsp; &nbsp; [&hellip;]<\/p>\n","protected":false},"author":1,"featured_media":0,"parent":0,"menu_order":0,"comment_status":"closed","ping_status":"closed","template":"elementor_header_footer","meta":[],"_links":{"self":[{"href":"https:\/\/musikzug-kleinfoerste.de\/index.php?rest_route=\/wp\/v2\/pages\/749"}],"collection":[{"href":"https:\/\/musikzug-kleinfoerste.de\/index.php?rest_route=\/wp\/v2\/pages"}],"about":[{"href":"https:\/\/musikzug-kleinfoerste.de\/index.php?rest_route=\/wp\/v2\/types\/page"}],"author":[{"embeddable":true,"href":"https:\/\/musikzug-kleinfoerste.de\/index.php?rest_route=\/wp\/v2\/users\/1"}],"replies":[{"embeddable":true,"href":"https:\/\/musikzug-kleinfoerste.de\/index.php?rest_route=%2Fwp%2Fv2%2Fcomments&post=749"}],"version-history":[{"count":7,"href":"https:\/\/musikzug-kleinfoerste.de\/index.php?rest_route=\/wp\/v2\/pages\/749\/revisions"}],"predecessor-version":[{"id":756,"href":"https:\/\/musikzug-kleinfoerste.de\/index.php?rest_route=\/wp\/v2\/pages\/749\/revisions\/756"}],"wp:attachment":[{"href":"https:\/\/musikzug-kleinfoerste.de\/index.php?rest_route=%2Fwp%2Fv2%2Fmedia&parent=749"}],"curies":[{"name":"wp","href":"https:\/\/api.w.org\/{rel}","templated":true}]}}